{"id":25873919,"date":"2025-06-04T18:15:29","date_gmt":"2025-06-04T16:15:29","guid":{"rendered":"https:\/\/neurodiversityprideday.com\/?post_type=tribe_events&#038;p=25873919"},"modified":"2025-06-15T19:31:41","modified_gmt":"2025-06-15T17:31:41","slug":"main-international-keynote-dr-ludmila-praslova","status":"publish","type":"tribe_events","link":"https:\/\/neurodiversityprideday.com\/cs\/my-event\/main-international-keynote-dr-ludmila-praslova\/","title":{"rendered":"Hlavn\u00ed mezin\u00e1rodn\u00ed p\u0159edn\u00e1\u0161ka - Dr. Ludmila Praslov\u00e1"},"content":{"rendered":"<p>T\u00fdm ND Pride ka\u017edoro\u010dn\u011b zve dva odv\u00e1\u017en\u00e9 pr\u016fkopn\u00edky hnut\u00ed neurodiverzity, aby se pod\u011blili o sv\u00e9 poselstv\u00ed s neurodiverzn\u00ed komunitou. Pro ro\u010dn\u00edk 2025 jsme pozvali aktivistku. <a href=\"https:\/\/www.linkedin.com\/in\/bridgette-hamstead\/\">Bridgette Hamstead<\/a> a autor Dr. <a href=\"https:\/\/www.linkedin.com\/in\/ludmila-praslova\/\">Ludmila Praslov\u00e1<\/a> k t\u011bmto \"hlavn\u00edm\" kl\u00ed\u010dov\u00fdm pozn\u00e1mk\u00e1m.<\/p>\n<hr \/>\n<p>Jsme r\u00e1di, \u017ee m\u016f\u017eeme p\u0159iv\u00edtat Dr. Ludmilu Praslovou jako jednu ze dvou hlavn\u00edch \u0159e\u010dn\u00edk\u016f na Neurodiversity Pride Day 2025, celosv\u011btov\u00e9 akci oslavuj\u00edc\u00ed neurodiverzn\u00ed identitu a komunitu ve v\u00edce ne\u017e 50 zem\u00edch sv\u011bta.<\/p>\n<p><iframe loading=\"lazy\" title=\"P\u0159ehr\u00e1va\u010d vide\u00ed YouTube\" src=\"https:\/\/www.youtube.com\/embed\/wY2GK885wQ8?si=VoVYmPs2DaF2IDEd\" width=\"560\" height=\"315\" frameborder=\"0\" allowfullscreen=\"allowfullscreen\"><\/iframe><\/p>\n<p>Dr. Praslova je uzn\u00e1vanou odbornic\u00ed na neurodiverzitu a inkluzi, kter\u00e1 m\u00e1 des\u00edtky let zku\u0161enost\u00ed v oblasti organiza\u010dn\u00ed psychologie, rozvoje veden\u00ed a rovnosti na pracovi\u0161ti. Jako profesorka postgradu\u00e1ln\u00ed organiza\u010dn\u00ed psychologie na Vanguard University zasv\u011btila svou kari\u00e9ru transformaci pracovi\u0161\u0165 tak, aby v\u00edce zahrnovala neurodiverzn\u00ed talenty.<\/p>\n<p>Je autorkou p\u0159elomov\u00e9 knihy <a href=\"https:\/\/thecanarycode.com\/\">Kan\u00e1rsk\u00fd k\u00f3d: Kodex: Pr\u016fvodce neurodiverzitou, d\u016fstojnost\u00ed a intersekcion\u00e1ln\u00ed soun\u00e1le\u017eitost\u00ed v pr\u00e1ci<\/a>, kter\u00e1 nab\u00edz\u00ed komplexn\u00ed pl\u00e1n pro vytv\u00e1\u0159en\u00ed prost\u0159ed\u00ed, v n\u011bm\u017e se m\u016f\u017ee da\u0159it neurodivergentn\u00edm jedinc\u016fm. Dr. Praslov\u00e1 vych\u00e1z\u00ed z vlastn\u00ed \u017eivotn\u00ed zku\u0161enosti pozdn\u011b identifikovan\u00e9ho autisty a propojuje v\u00fdzkum, \u017eivotn\u00ed moudrost a praktick\u00e9 strategie, kter\u00e9 napom\u00e1haj\u00ed autentick\u00e9 inkluzi v organizac\u00edch a komunit\u00e1ch.<\/p>\n<p>Jej\u00ed hlavn\u00ed projev na Neurodiversity Pride Day p\u0159inese jej\u00ed nad\u0161en\u00ed pro syst\u00e9movou zm\u011bnu, intersekcionalitu a d\u016fstojnost. P\u0159ipom\u00edn\u00e1 n\u00e1m, \u017ee \"<em>neurodiverzita nen\u00ed jen individu\u00e1ln\u00ed odli\u0161nost - je to ot\u00e1zka soci\u00e1ln\u00ed spravedlnosti.<\/em>.\" Jej\u00ed pr\u00e1ce je v\u00fdzvou pro organizace, aby p\u0159ekonaly symbolick\u00e9 snahy o rozmanitost a m\u00edsto toho podporovaly skute\u010dnou soun\u00e1le\u017eitost, kde je ka\u017ed\u00fd hlas oce\u0148ov\u00e1n a oslavov\u00e1n.<\/p>\n<p>Dr. Praslov\u00e1 inspirovala nespo\u010det jednotlivc\u016f a organizac\u00ed, aby p\u0159ijali neurodiverzitu jako svou silnou str\u00e1nku, a to d\u00edky sv\u00e9mu poradenstv\u00ed, v\u00fduce a obhajob\u011b. Jej\u00ed p\u0159edn\u00e1\u0161ka bude silnou v\u00fdzvou k akci a vyzve n\u00e1s v\u0161echny, abychom si p\u0159edstavili pracovi\u0161t\u011b a komunity, kter\u00e9 budou ct\u00edt plnou lidskost a genialitu neurodiverzn\u00edch lid\u00ed.<\/p>\n<hr \/>\n<p>P\u0159edn\u00e1\u0161ka bude m\u00edt premi\u00e9ru 16. \u010dervna v 08:00 SEL\u010c.<\/p>","protected":false},"excerpt":{"rendered":"<p>Each year, the ND Pride team invites two daring pioneers in the Neurodiversity Movement, to share their message with the neurodivergent community.\u00a0For the 2025 edition, we have invited activist Bridgette [&hellip;]<\/p>\n","protected":false},"author":1,"featured_media":25873916,"template":"","meta":{"_acf_changed":false,"_et_pb_use_builder":"","_et_pb_old_content":"","_et_gb_content_width":"","_tribe_events_status":"","_tribe_events_status_reason":"","footnotes":""},"tags":[],"tribe_events_cat":[67,70,69],"class_list":["post-25873919","tribe_events","type-tribe_events","status-publish","has-post-thumbnail","hentry","tribe_events_cat-online","tribe_events_cat-other","tribe_events_cat-talks","cat_online","cat_other","cat_talks"],"acf":[],"_links":{"self":[{"href":"https:\/\/neurodiversityprideday.com\/cs\/wp-json\/wp\/v2\/tribe_events\/25873919","targetHints":{"allow":["GET"]}}],"collection":[{"href":"https:\/\/neurodiversityprideday.com\/cs\/wp-json\/wp\/v2\/tribe_events"}],"about":[{"href":"https:\/\/neurodiversityprideday.com\/cs\/wp-json\/wp\/v2\/types\/tribe_events"}],"author":[{"embeddable":true,"href":"https:\/\/neurodiversityprideday.com\/cs\/wp-json\/wp\/v2\/users\/1"}],"version-history":[{"count":4,"href":"https:\/\/neurodiversityprideday.com\/cs\/wp-json\/wp\/v2\/tribe_events\/25873919\/revisions"}],"predecessor-version":[{"id":25876242,"href":"https:\/\/neurodiversityprideday.com\/cs\/wp-json\/wp\/v2\/tribe_events\/25873919\/revisions\/25876242"}],"wp:featuredmedia":[{"embeddable":true,"href":"https:\/\/neurodiversityprideday.com\/cs\/wp-json\/wp\/v2\/media\/25873916"}],"wp:attachment":[{"href":"https:\/\/neurodiversityprideday.com\/cs\/wp-json\/wp\/v2\/media?parent=25873919"}],"wp:term":[{"taxonomy":"post_tag","embeddable":true,"href":"https:\/\/neurodiversityprideday.com\/cs\/wp-json\/wp\/v2\/tags?post=25873919"},{"taxonomy":"tribe_events_cat","embeddable":true,"href":"https:\/\/neurodiversityprideday.com\/cs\/wp-json\/wp\/v2\/tribe_events_cat?post=25873919"}],"curies":[{"name":"wp","href":"https:\/\/api.w.org\/{rel}","templated":true}]}}

Hlavní mezinárodní přednáška - Dr. Ludmila Praslová

<p>Tým ND Pride každoročně zve dva odvážné průkopníky hnutí neurodiverzity, aby se podělili o své poselství s neurodiverzní komunitou. Pro ročník 2025 jsme pozvali aktivistku. <a href="https://www.linkedin.com/in/bridgette-hamstead/">Bridgette Hamstead</a> a autor Dr. <a href="https://www.linkedin.com/in/ludmila-praslova/">Ludmila Praslová</a> k těmto "hlavním" klíčovým poznámkám.</p>
<hr />
<p>Jsme rádi, že můžeme přivítat Dr. Ludmilu Praslovou jako jednu ze dvou hlavních řečníků na Neurodiversity Pride Day 2025, celosvětové akci oslavující neurodiverzní identitu a komunitu ve více než 50 zemích světa.</p>
<p><iframe loading="lazy" title="Přehrávač videí YouTube" src="https://www.youtube.com/embed/wY2GK885wQ8?si=VoVYmPs2DaF2IDEd" width="560" height="315" frameborder="0" allowfullscreen="allowfullscreen"></iframe></p>
<p>Dr. Praslova je uznávanou odbornicí na neurodiverzitu a inkluzi, která má desítky let zkušeností v oblasti organizační psychologie, rozvoje vedení a rovnosti na pracovišti. Jako profesorka postgraduální organizační psychologie na Vanguard University zasvětila svou kariéru transformaci pracovišť tak, aby více zahrnovala neurodiverzní talenty.</p>
<p>Je autorkou přelomové knihy <a href="https://thecanarycode.com/">Kanárský kód: Kodex: Průvodce neurodiverzitou, důstojností a intersekcionální sounáležitostí v práci</a>, která nabízí komplexní plán pro vytváření prostředí, v němž se může dařit neurodivergentním jedincům. Dr. Praslová vychází z vlastní životní zkušenosti pozdně identifikovaného autisty a propojuje výzkum, životní moudrost a praktické strategie, které napomáhají autentické inkluzi v organizacích a komunitách.</p>
<p>Její hlavní projev na Neurodiversity Pride Day přinese její nadšení pro systémovou změnu, intersekcionalitu a důstojnost. Připomíná nám, že "<em>neurodiverzita není jen individuální odlišnost - je to otázka sociální spravedlnosti.</em>." Její práce je výzvou pro organizace, aby překonaly symbolické snahy o rozmanitost a místo toho podporovaly skutečnou sounáležitost, kde je každý hlas oceňován a oslavován.</p>
<p>Dr. Praslová inspirovala nespočet jednotlivců a organizací, aby přijali neurodiverzitu jako svou silnou stránku, a to díky svému poradenství, výuce a obhajobě. Její přednáška bude silnou výzvou k akci a vyzve nás všechny, abychom si představili pracoviště a komunity, které budou ctít plnou lidskost a genialitu neurodiverzních lidí.</p>
<hr />
<p>Přednáška bude mít premiéru 16. června v 08:00 SELČ.</p>
