{"id":25872883,"date":"2025-05-28T23:07:09","date_gmt":"2025-05-28T21:07:09","guid":{"rendered":"https:\/\/neurodiversityprideday.com\/nl"},"modified":"2025-05-28T23:07:09","modified_gmt":"2025-05-28T21:07:09","slug":"uitreiking-uit-met-autisme-award-categorie-speelpark-of-klein-attractiepark","status":"publish","type":"tribe_events","link":"https:\/\/neurodiversityprideday.com\/da\/my-event\/uitreiking-uit-met-autisme-award-categorie-speelpark-of-klein-attractiepark\/","title":{"rendered":"Uitreiking Uit met Autisme Award kategori Speelpark eller klein attractiepark"},"content":{"rendered":"<p>Stichting Uit met Autisme uddeler i 2025 for f\u00f8rste gang de Uit met Autisme Awards. Priserne bliver uddelt i fem kategorier p\u00e5 hvert sit tidspunkt p\u00e5 de forskellige steder. Lokaliteterne selv forbliver endnu mere hemmelige. Den 14. juni blev disse steder offentliggjort. Men hvis du har brug for mere tid, kan du angive dette i en <a href=\"#Aanmeldformulier\"><u>Opgaveformulering<\/u><\/a>\u00a0om under embargo uiterlijk 11 juni bericht te ontvangen welke locaties een award krijgen en het leukste: waar we elkaar kunnen ontmoeten. Vi anerkender hinanden p\u00e5 de skjulte handicap-solsikke-keycords.<\/p>\n<p>Denne prisuddeling p\u00e5 vaderdag er egnet til hele familien!<\/p>","protected":false},"excerpt":{"rendered":"<p>Stichting Uit met Autisme reikt in 2025 voor het eerst de Uit met Autisme Awards uit. De awards worden uitgereikt over vijf categorie\u00ebn op elk een ander moment op de [&hellip;]<\/p>\n","protected":false},"author":1,"featured_media":25872886,"template":"","meta":{"_acf_changed":false,"_et_pb_use_builder":"","_et_pb_old_content":"","_et_gb_content_width":"","_tribe_events_status":"","_tribe_events_status_reason":"","footnotes":""},"tags":[],"tribe_events_cat":[],"class_list":["post-25872883","tribe_events","type-tribe_events","status-publish","has-post-thumbnail","hentry"],"acf":[],"_links":{"self":[{"href":"https:\/\/neurodiversityprideday.com\/da\/wp-json\/wp\/v2\/tribe_events\/25872883","targetHints":{"allow":["GET"]}}],"collection":[{"href":"https:\/\/neurodiversityprideday.com\/da\/wp-json\/wp\/v2\/tribe_events"}],"about":[{"href":"https:\/\/neurodiversityprideday.com\/da\/wp-json\/wp\/v2\/types\/tribe_events"}],"author":[{"embeddable":true,"href":"https:\/\/neurodiversityprideday.com\/da\/wp-json\/wp\/v2\/users\/1"}],"version-history":[{"count":1,"href":"https:\/\/neurodiversityprideday.com\/da\/wp-json\/wp\/v2\/tribe_events\/25872883\/revisions"}],"predecessor-version":[{"id":25872885,"href":"https:\/\/neurodiversityprideday.com\/da\/wp-json\/wp\/v2\/tribe_events\/25872883\/revisions\/25872885"}],"wp:featuredmedia":[{"embeddable":true,"href":"https:\/\/neurodiversityprideday.com\/da\/wp-json\/wp\/v2\/media\/25872886"}],"wp:attachment":[{"href":"https:\/\/neurodiversityprideday.com\/da\/wp-json\/wp\/v2\/media?parent=25872883"}],"wp:term":[{"taxonomy":"post_tag","embeddable":true,"href":"https:\/\/neurodiversityprideday.com\/da\/wp-json\/wp\/v2\/tags?post=25872883"},{"taxonomy":"tribe_events_cat","embeddable":true,"href":"https:\/\/neurodiversityprideday.com\/da\/wp-json\/wp\/v2\/tribe_events_cat?post=25872883"}],"curies":[{"name":"wp","href":"https:\/\/api.w.org\/{rel}","templated":true}]}}

<p>Stichting Uit met Autisme uddeler i 2025 for første gang de Uit met Autisme Awards. Priserne bliver uddelt i fem kategorier på hvert sit tidspunkt på de forskellige steder. Lokaliteterne selv forbliver endnu mere hemmelige. Den 14. juni blev disse steder offentliggjort. Men hvis du har brug for mere tid, kan du angive dette i en <a href="#Aanmeldformulier"><u>Opgaveformulering</u></a> om under embargo uiterlijk 11 juni bericht te ontvangen welke locaties een award krijgen en het leukste: waar we elkaar kunnen ontmoeten. Vi anerkender hinanden på de skjulte handicap-solsikke-keycords.</p>
<p>Denne prisuddeling på vaderdag er egnet til hele familien!</p>

<p>Stichting Uit met Autisme reikt in 2025 voor het eerst de Uit met Autisme Awards uit. De awards worden uitgereikt over vijf categorieën op elk een ander moment op de [&hellip;]</p>
