{"id":25875342,"date":"2025-06-10T20:51:55","date_gmt":"2025-06-10T18:51:55","guid":{"rendered":"https:\/\/neurodiversityprideday.com\/es"},"modified":"2025-06-10T20:51:55","modified_gmt":"2025-06-10T18:51:55","slug":"audiovisuales-de-escuelas-y-universidades","status":"publish","type":"tribe_events","link":"https:\/\/neurodiversityprideday.com\/da\/my-event\/audiovisuales-de-escuelas-y-universidades\/","title":{"rendered":"AUDIOVISUELLE MEDIER P\u00c5 SKOLER OG UNIVERSITETER"},"content":{"rendered":"<p data-sourcepos=\"3:1-3:13\">Hola a todos:<\/p>\n<p data-sourcepos=\"5:1-5:295\">\u00a1Este a\u00f1o es hist\u00f3rico! For f\u00f8rste gang er alle de spanske lande samlet om fejringen af\u00a0<strong>D\u00eda del Orgullo de la Neurodiversidad<\/strong>. Det er en \u00e6re for alle, der deltager i dette initiativ, hvor vi sammenligner talleres, charlas, m\u00fasica, pel\u00edculas og andre aktiviteter p\u00e5 internationalt plan.<\/p>\n<p data-sourcepos=\"5:1-5:295\">Estamos inmensamente agradecidos a eMove International Festival por darnos la incre\u00edble oportunidad de exhibir una selecci\u00f3n de los trabajos galardonados en sus primeras nueve ediciones. Denne udstilling omfatter us\u00e6dvanlige audiovisuelle v\u00e6rker skabt af studerende fra forskellige skoler og universiteter.<\/p>\n<p data-sourcepos=\"5:1-5:295\">Med disse v\u00e6rker er det vores m\u00e5l at dele et grundl\u00e6ggende budskab med alle mennesker: Vi er alle en del af neurodiversiteten. Vi \u00f8nsker at fejre den mangfoldighed af hjerner, der findes i vores verden.<\/p>\n<p data-sourcepos=\"5:1-5:295\">Med disse videoer byder vi velkommen til ND Pride, en fest organiseret af og for personer med neurodivergens og deres venner. Hele verden er inviteret til at samles for at anerkende og \u00e6re neurodiversiteten, uanset hvilken neurotype man har. Celebramos la singularidad de los cerebros neurodivergentes y el valor de la neurodiversidad para la sociedad. Neurodiversitet refererer til de mange forskellige m\u00e5der, hvorp\u00e5 hjernen fungerer, opfatter og forst\u00e5r verden. Reconoce y valora los puntos fuertes y las capacidades que surgen de los distintos neurotipos, como el autismo, el TDAH, la dislexia, el TDC, la superdotaci\u00f3n, los trastornos mentales y otros. Nuestra celebraci\u00f3n tambi\u00e9n aboga por proporcionar apoyo y adaptaciones a las personas neurodivergentes, permiti\u00e9ndoles prosperar en una sociedad dise\u00f1ada para la mayor\u00eda.<\/p>\n<p data-sourcepos=\"5:1-5:295\">Du kan se en fantastisk udstilling af 9 film, der har haft premiere p\u00e5 de seneste udgaver af festivalen. Vi er sikre p\u00e5, at du vil blive overrasket.<\/p>\n<p data-sourcepos=\"5:1-5:295\">Her er det link, du kan se: https:\/\/www.youtube.com\/watch?v=xgANYKxhYx4&amp;t=54s<\/p>\n<p data-sourcepos=\"7:1-8:58\">Le invitamos a consultar el\u00a0<strong>komplet program<\/strong>\u00a0og deltage i vores arrangementer via dette link:\u00a0<a class=\"ng-star-inserted\" href=\"https:\/\/acortar.link\/mpJmBn\" target=\"_blank\" rel=\"noopener\">https:\/\/acortar.link\/mpJmBn<\/a><\/p>\n<p data-sourcepos=\"10:1-11:74\">Desuden vil vi meget gerne h\u00f8re om din\u00a0<strong>opini\u00f3n<\/strong>\u00a0for at udarbejde et manifest, der fejrer neurodiversiteten. I den f\u00f8lgende formular kan du skrive dine kommentarer og registrere dig for at f\u00e5 adgang til Zoom-salene for de direkte arrangementer:\u00a0<a class=\"ng-star-inserted\" href=\"https:\/\/forms.gle\/r3F4Y2ysScKxvmdj9\" target=\"_blank\" rel=\"noopener\">https:\/\/forms.gle\/r3F4Y2ysScKxvmdj9<\/a><\/p>\n<p data-sourcepos=\"13:1-13:22\">\u00a1Esperamos verte all\u00ed!<\/p>","protected":false},"excerpt":{"rendered":"<p>Hola a todos: \u00a1Este a\u00f1o es hist\u00f3rico! Por primera vez, los pa\u00edses hispanohablantes nos unimos a la celebraci\u00f3n del\u00a0D\u00eda del Orgullo de la Neurodiversidad. Es un honor para todos los [&hellip;]<\/p>\n","protected":false},"author":61,"featured_media":25875355,"template":"","meta":{"_acf_changed":false,"_et_pb_use_builder":"","_et_pb_old_content":"","_et_gb_content_width":"","_tribe_events_status":"","_tribe_events_status_reason":"","footnotes":""},"tags":[],"tribe_events_cat":[],"class_list":["post-25875342","tribe_events","type-tribe_events","status-publish","has-post-thumbnail","hentry"],"acf":[],"_links":{"self":[{"href":"https:\/\/neurodiversityprideday.com\/da\/wp-json\/wp\/v2\/tribe_events\/25875342","targetHints":{"allow":["GET"]}}],"collection":[{"href":"https:\/\/neurodiversityprideday.com\/da\/wp-json\/wp\/v2\/tribe_events"}],"about":[{"href":"https:\/\/neurodiversityprideday.com\/da\/wp-json\/wp\/v2\/types\/tribe_events"}],"author":[{"embeddable":true,"href":"https:\/\/neurodiversityprideday.com\/da\/wp-json\/wp\/v2\/users\/61"}],"version-history":[{"count":1,"href":"https:\/\/neurodiversityprideday.com\/da\/wp-json\/wp\/v2\/tribe_events\/25875342\/revisions"}],"predecessor-version":[{"id":25875352,"href":"https:\/\/neurodiversityprideday.com\/da\/wp-json\/wp\/v2\/tribe_events\/25875342\/revisions\/25875352"}],"wp:featuredmedia":[{"embeddable":true,"href":"https:\/\/neurodiversityprideday.com\/da\/wp-json\/wp\/v2\/media\/25875355"}],"wp:attachment":[{"href":"https:\/\/neurodiversityprideday.com\/da\/wp-json\/wp\/v2\/media?parent=25875342"}],"wp:term":[{"taxonomy":"post_tag","embeddable":true,"href":"https:\/\/neurodiversityprideday.com\/da\/wp-json\/wp\/v2\/tags?post=25875342"},{"taxonomy":"tribe_events_cat","embeddable":true,"href":"https:\/\/neurodiversityprideday.com\/da\/wp-json\/wp\/v2\/tribe_events_cat?post=25875342"}],"curies":[{"name":"wp","href":"https:\/\/api.w.org\/{rel}","templated":true}]}}

AUDIOVISUELLE MEDIER PÅ SKOLER OG UNIVERSITETER

<p data-sourcepos="3:1-3:13">Hola a todos:</p>
<p data-sourcepos="5:1-5:295">¡Este año es histórico! For første gang er alle de spanske lande samlet om fejringen af <strong>Día del Orgullo de la Neurodiversidad</strong>. Det er en ære for alle, der deltager i dette initiativ, hvor vi sammenligner talleres, charlas, música, películas og andre aktiviteter på internationalt plan.</p>
<p data-sourcepos="5:1-5:295">Estamos inmensamente agradecidos a eMove International Festival por darnos la increíble oportunidad de exhibir una selección de los trabajos galardonados en sus primeras nueve ediciones. Denne udstilling omfatter usædvanlige audiovisuelle værker skabt af studerende fra forskellige skoler og universiteter.</p>
<p data-sourcepos="5:1-5:295">Med disse værker er det vores mål at dele et grundlæggende budskab med alle mennesker: Vi er alle en del af neurodiversiteten. Vi ønsker at fejre den mangfoldighed af hjerner, der findes i vores verden.</p>
<p data-sourcepos="5:1-5:295">Med disse videoer byder vi velkommen til ND Pride, en fest organiseret af og for personer med neurodivergens og deres venner. Hele verden er inviteret til at samles for at anerkende og ære neurodiversiteten, uanset hvilken neurotype man har. Celebramos la singularidad de los cerebros neurodivergentes y el valor de la neurodiversidad para la sociedad. Neurodiversitet refererer til de mange forskellige måder, hvorpå hjernen fungerer, opfatter og forstår verden. Reconoce y valora los puntos fuertes y las capacidades que surgen de los distintos neurotipos, como el autismo, el TDAH, la dislexia, el TDC, la superdotación, los trastornos mentales y otros. Nuestra celebración también aboga por proporcionar apoyo y adaptaciones a las personas neurodivergentes, permitiéndoles prosperar en una sociedad diseñada para la mayoría.</p>
<p data-sourcepos="5:1-5:295">Du kan se en fantastisk udstilling af 9 film, der har haft premiere på de seneste udgaver af festivalen. Vi er sikre på, at du vil blive overrasket.</p>
<p data-sourcepos="5:1-5:295">Her er det link, du kan se: https://www.youtube.com/watch?v=xgANYKxhYx4&amp;t=54s</p>
<p data-sourcepos="7:1-8:58">Le invitamos a consultar el <strong>komplet program</strong> og deltage i vores arrangementer via dette link: <a class="ng-star-inserted" href="https://acortar.link/mpJmBn" target="_blank" rel="noopener">https://acortar.link/mpJmBn</a></p>
<p data-sourcepos="10:1-11:74">Desuden vil vi meget gerne høre om din <strong>opinión</strong> for at udarbejde et manifest, der fejrer neurodiversiteten. I den følgende formular kan du skrive dine kommentarer og registrere dig for at få adgang til Zoom-salene for de direkte arrangementer: <a class="ng-star-inserted" href="https://forms.gle/r3F4Y2ysScKxvmdj9" target="_blank" rel="noopener">https://forms.gle/r3F4Y2ysScKxvmdj9</a></p>
<p data-sourcepos="13:1-13:22">¡Esperamos verte allí!</p>

<p>Hola a todos: ¡Este año es histórico! Por primera vez, los países hispanohablantes nos unimos a la celebración del Día del Orgullo de la Neurodiversidad. Es un honor para todos los [&hellip;]</p>
