{"id":25873741,"date":"2025-06-04T11:40:38","date_gmt":"2025-06-04T09:40:38","guid":{"rendered":"https:\/\/neurodiversityprideday.com\/?post_type=tribe_events&#038;p=25873741"},"modified":"2025-06-04T11:40:38","modified_gmt":"2025-06-04T09:40:38","slug":"marsha-de-heus-webinar-hoogbegaafdheid-dubbeldiagnoses-en-misdiagnoses-inzicht-herkenning-en-handelingsperspectief","status":"publish","type":"tribe_events","link":"https:\/\/neurodiversityprideday.com\/de\/my-event\/marsha-de-heus-webinar-hoogbegaafdheid-dubbeldiagnoses-en-misdiagnoses-inzicht-herkenning-en-handelingsperspectief\/","title":{"rendered":"Marsha de Heus - Webinar: Hoogbegaafdheid: dubbeldiagnoses en misdiagnoses: inzicht, herkenning en handelingsperspectief"},"content":{"rendered":"<p>\ud83d\udcc5 20 juni - 15:00 - 15:45<\/p>\n<h3>Hoogbegaafdheid: dubbeldiagnoses en misdiagnoses: inzicht, herkenning en handelingsperspectief<\/h3>\n<p>In der Praxis wissen wir, dass dies bei Menschen mit Autismus, ADHS oder anderen Formen der Neurodivergentie oft der Fall ist. Das spricht daf\u00fcr, eine andere Art des Lernens zu w\u00e4hlen.<\/p>\n<p><strong>Psychologe Marsha de Heus<\/strong>Das Buch besch\u00e4ftigt sich mit dem sozialen Modell der Neurodiversit\u00e4t, mit h\u00e4ufigen Fehldiagnosen, mit den Auswirkungen von Doppeldiagnosen und mit der Frage, wie man sich in einem System zurechtfindet, das nicht immer funktioniert.<\/p>\n<p>Mit praktischen Handreichungen, herstellbaren Hilfsmitteln und viel Platz f\u00fcr deine Fragen.<\/p>\n<ul>\n<li><strong>\ud83c\udf99 Spreker:<\/strong>\u00a0Marsha de Heus<\/li>\n<li><strong>\u23f1 Duur:<\/strong>\u00a045 minuten<\/li>\n<\/ul>\n<div id=\"gtx-trans\" style=\"position: absolute; left: 95px; top: 288.542px;\">\n<div class=\"gtx-trans-icon\"><\/div>\n<\/div>","protected":false},"excerpt":{"rendered":"<p>\ud83d\udcc5 20 juni \u2013 15:00 \u2013 15:45 Hoogbegaafdheid: dubbeldiagnoses en misdiagnoses: inzicht, herkenning en handelingsperspectief Er is steeds meer aandacht voor hoogbegaafdheid, maar in de praktijk zien we dat dit [&hellip;]<\/p>\n","protected":false},"author":1,"featured_media":25873724,"template":"","meta":{"_acf_changed":false,"_et_pb_use_builder":"","_et_pb_old_content":"","_et_gb_content_width":"","_tribe_events_status":"","_tribe_events_status_reason":"","footnotes":""},"tags":[],"tribe_events_cat":[67,69],"class_list":["post-25873741","tribe_events","type-tribe_events","status-publish","has-post-thumbnail","hentry","tribe_events_cat-online","tribe_events_cat-talks","cat_online","cat_talks"],"acf":[],"_links":{"self":[{"href":"https:\/\/neurodiversityprideday.com\/de\/wp-json\/wp\/v2\/tribe_events\/25873741","targetHints":{"allow":["GET"]}}],"collection":[{"href":"https:\/\/neurodiversityprideday.com\/de\/wp-json\/wp\/v2\/tribe_events"}],"about":[{"href":"https:\/\/neurodiversityprideday.com\/de\/wp-json\/wp\/v2\/types\/tribe_events"}],"author":[{"embeddable":true,"href":"https:\/\/neurodiversityprideday.com\/de\/wp-json\/wp\/v2\/users\/1"}],"version-history":[{"count":1,"href":"https:\/\/neurodiversityprideday.com\/de\/wp-json\/wp\/v2\/tribe_events\/25873741\/revisions"}],"predecessor-version":[{"id":25873742,"href":"https:\/\/neurodiversityprideday.com\/de\/wp-json\/wp\/v2\/tribe_events\/25873741\/revisions\/25873742"}],"wp:featuredmedia":[{"embeddable":true,"href":"https:\/\/neurodiversityprideday.com\/de\/wp-json\/wp\/v2\/media\/25873724"}],"wp:attachment":[{"href":"https:\/\/neurodiversityprideday.com\/de\/wp-json\/wp\/v2\/media?parent=25873741"}],"wp:term":[{"taxonomy":"post_tag","embeddable":true,"href":"https:\/\/neurodiversityprideday.com\/de\/wp-json\/wp\/v2\/tags?post=25873741"},{"taxonomy":"tribe_events_cat","embeddable":true,"href":"https:\/\/neurodiversityprideday.com\/de\/wp-json\/wp\/v2\/tribe_events_cat?post=25873741"}],"curies":[{"name":"wp","href":"https:\/\/api.w.org\/{rel}","templated":true}]}}

<p>📅 20 juni - 15:00 - 15:45</p>
<h3>Hoogbegaafdheid: dubbeldiagnoses en misdiagnoses: inzicht, herkenning en handelingsperspectief</h3>
<p>In der Praxis wissen wir, dass dies bei Menschen mit Autismus, ADHS oder anderen Formen der Neurodivergentie oft der Fall ist. Das spricht dafür, eine andere Art des Lernens zu wählen.</p>
<p><strong>Psychologe Marsha de Heus</strong>Das Buch beschäftigt sich mit dem sozialen Modell der Neurodiversität, mit häufigen Fehldiagnosen, mit den Auswirkungen von Doppeldiagnosen und mit der Frage, wie man sich in einem System zurechtfindet, das nicht immer funktioniert.</p>
<p>Mit praktischen Handreichungen, herstellbaren Hilfsmitteln und viel Platz für deine Fragen.</p>
<ul>
<li><strong>🎙 Spreker:</strong> Marsha de Heus</li>
<li><strong>⏱ Duur:</strong> 45 minuten</li>
</ul>
<div id="gtx-trans" style="position: absolute; left: 95px; top: 288.542px;">
<div class="gtx-trans-icon"></div>
</div>
