{"id":25875342,"date":"2025-06-10T20:51:55","date_gmt":"2025-06-10T18:51:55","guid":{"rendered":"https:\/\/neurodiversityprideday.com\/es"},"modified":"2025-06-10T20:51:55","modified_gmt":"2025-06-10T18:51:55","slug":"audiovisuales-de-escuelas-y-universidades","status":"publish","type":"tribe_events","link":"https:\/\/neurodiversityprideday.com\/de\/my-event\/audiovisuales-de-escuelas-y-universidades\/","title":{"rendered":"AUDIOVISUELLE MEDIEN F\u00dcR SCHULEN UND UNIVERSIT\u00c4TEN"},"content":{"rendered":"<p data-sourcepos=\"3:1-3:13\">Hola a todos:<\/p>\n<p data-sourcepos=\"5:1-5:295\">\u00a1Este a\u00f1o es hist\u00f3rico! Por primera vez, los pa\u00edses hispanohablantes nos unimos a la celebraci\u00f3n del\u00a0<strong>D\u00eda del Orgullo de la Neurodiversidad<\/strong>. Es ist eine Ehre f\u00fcr alle, die an dieser Initiative teilnehmen, in der wir internationale Vortr\u00e4ge, Lieder, Musik, Filme und andere Aktivit\u00e4ten anbieten.<\/p>\n<p data-sourcepos=\"5:1-5:295\">Wir sind dem eMove International Festival unendlich dankbar, dass es uns die unglaubliche M\u00f6glichkeit gibt, eine Auswahl der Arbeiten aus den ersten neun Ausgaben zu zeigen. Die Ausstellung enth\u00e4lt au\u00dfergew\u00f6hnliche audiovisuelle Arbeiten von Sch\u00fclerinnen und Sch\u00fclern aus verschiedenen Schulen und Universit\u00e4ten.<\/p>\n<p data-sourcepos=\"5:1-5:295\">A trav\u00e9s de estas obras, nuestro objetivo es compartir un mensaje fundamental con todas las personas: todos formamos parte de la neurodiversidad. Wir wollen den Reichtum und die Vielfalt der Menschen feiern, die es in unserer Welt gibt.<\/p>\n<p data-sourcepos=\"5:1-5:295\">Mit diesen Videos laden wir dich zur ND Pride ein, einer Veranstaltung von und f\u00fcr neurodivergente Menschen und ihre Freunde. Todo el mundo, independientemente de su neurotipo, est\u00e1 invitado a unirse para reconocer y honrar la neurodiversidad. Celebramos la singularidad de los cerebros neurodivergentes y el valor de la neurodiversidad para la sociedad. La neurodiversidad se refiere a las formas casi infinitas en que los cerebros funcionan, perciben y entienden el mundo. Erkenne und sch\u00e4tze die St\u00e4rken und F\u00e4higkeiten, die sich aus den verschiedenen Neurotips ergeben, wie Autismus, TDAH, Lese-Rechtschreibschw\u00e4che, TDC, Superdotaci\u00f3n, mentale St\u00f6rungen und andere. Wir feiern auch die Unterst\u00fctzung und Anpassung von neurodiversen Menschen, damit sie in einer Gesellschaft gedeihen k\u00f6nnen, die auf die Mehrheit ausgerichtet ist.<\/p>\n<p data-sourcepos=\"5:1-5:295\">Du kannst eine fantastische Auswahl von 9 audiovisuellen Filmen sehen, die in den letzten Ausgaben des Festivals uraufgef\u00fchrt wurden. Estamos seguros de que os va a sorprender.<\/p>\n<p data-sourcepos=\"5:1-5:295\">Este es el enlace paera poder ver: https:\/\/www.youtube.com\/watch?v=xgANYKxhYx4&amp;t=54s<\/p>\n<p data-sourcepos=\"7:1-8:58\">Le invitamos a consultar el\u00a0<strong>komplettes Programm<\/strong>\u00a0y a participar en nuestros eventos a trav\u00e9s de este enlace:\u00a0<a class=\"ng-star-inserted\" href=\"https:\/\/acortar.link\/mpJmBn\" target=\"_blank\" rel=\"noopener\">https:\/\/acortar.link\/mpJmBn<\/a><\/p>\n<p data-sourcepos=\"10:1-11:74\">Adem\u00e1s, nos encantar\u00eda contar con tu\u00a0<strong>Meinung<\/strong>\u00a0para elaborar un manifiesto que celebre la neurodiversidad. Im folgenden Formular kannst du deine Kommentare abgeben und dich f\u00fcr den direkten Zugang zu den Zoom-S\u00e4len der Veranstaltungen registrieren:\u00a0<a class=\"ng-star-inserted\" href=\"https:\/\/forms.gle\/r3F4Y2ysScKxvmdj9\" target=\"_blank\" rel=\"noopener\">https:\/\/forms.gle\/r3F4Y2ysScKxvmdj9<\/a><\/p>\n<p data-sourcepos=\"13:1-13:22\">\u00a1Esperamos verte all\u00ed!<\/p>","protected":false},"excerpt":{"rendered":"<p>Hola a todos: \u00a1Este a\u00f1o es hist\u00f3rico! Por primera vez, los pa\u00edses hispanohablantes nos unimos a la celebraci\u00f3n del\u00a0D\u00eda del Orgullo de la Neurodiversidad. Es un honor para todos los [&hellip;]<\/p>\n","protected":false},"author":61,"featured_media":25875355,"template":"","meta":{"_acf_changed":false,"_et_pb_use_builder":"","_et_pb_old_content":"","_et_gb_content_width":"","_tribe_events_status":"","_tribe_events_status_reason":"","footnotes":""},"tags":[],"tribe_events_cat":[],"class_list":["post-25875342","tribe_events","type-tribe_events","status-publish","has-post-thumbnail","hentry"],"acf":[],"_links":{"self":[{"href":"https:\/\/neurodiversityprideday.com\/de\/wp-json\/wp\/v2\/tribe_events\/25875342","targetHints":{"allow":["GET"]}}],"collection":[{"href":"https:\/\/neurodiversityprideday.com\/de\/wp-json\/wp\/v2\/tribe_events"}],"about":[{"href":"https:\/\/neurodiversityprideday.com\/de\/wp-json\/wp\/v2\/types\/tribe_events"}],"author":[{"embeddable":true,"href":"https:\/\/neurodiversityprideday.com\/de\/wp-json\/wp\/v2\/users\/61"}],"version-history":[{"count":1,"href":"https:\/\/neurodiversityprideday.com\/de\/wp-json\/wp\/v2\/tribe_events\/25875342\/revisions"}],"predecessor-version":[{"id":25875352,"href":"https:\/\/neurodiversityprideday.com\/de\/wp-json\/wp\/v2\/tribe_events\/25875342\/revisions\/25875352"}],"wp:featuredmedia":[{"embeddable":true,"href":"https:\/\/neurodiversityprideday.com\/de\/wp-json\/wp\/v2\/media\/25875355"}],"wp:attachment":[{"href":"https:\/\/neurodiversityprideday.com\/de\/wp-json\/wp\/v2\/media?parent=25875342"}],"wp:term":[{"taxonomy":"post_tag","embeddable":true,"href":"https:\/\/neurodiversityprideday.com\/de\/wp-json\/wp\/v2\/tags?post=25875342"},{"taxonomy":"tribe_events_cat","embeddable":true,"href":"https:\/\/neurodiversityprideday.com\/de\/wp-json\/wp\/v2\/tribe_events_cat?post=25875342"}],"curies":[{"name":"wp","href":"https:\/\/api.w.org\/{rel}","templated":true}]}}

AUDIOVISUELLE MEDIEN FÜR SCHULEN UND UNIVERSITÄTEN

<p data-sourcepos="3:1-3:13">Hola a todos:</p>
<p data-sourcepos="5:1-5:295">¡Este año es histórico! Por primera vez, los países hispanohablantes nos unimos a la celebración del <strong>Día del Orgullo de la Neurodiversidad</strong>. Es ist eine Ehre für alle, die an dieser Initiative teilnehmen, in der wir internationale Vorträge, Lieder, Musik, Filme und andere Aktivitäten anbieten.</p>
<p data-sourcepos="5:1-5:295">Wir sind dem eMove International Festival unendlich dankbar, dass es uns die unglaubliche Möglichkeit gibt, eine Auswahl der Arbeiten aus den ersten neun Ausgaben zu zeigen. Die Ausstellung enthält außergewöhnliche audiovisuelle Arbeiten von Schülerinnen und Schülern aus verschiedenen Schulen und Universitäten.</p>
<p data-sourcepos="5:1-5:295">A través de estas obras, nuestro objetivo es compartir un mensaje fundamental con todas las personas: todos formamos parte de la neurodiversidad. Wir wollen den Reichtum und die Vielfalt der Menschen feiern, die es in unserer Welt gibt.</p>
<p data-sourcepos="5:1-5:295">Mit diesen Videos laden wir dich zur ND Pride ein, einer Veranstaltung von und für neurodivergente Menschen und ihre Freunde. Todo el mundo, independientemente de su neurotipo, está invitado a unirse para reconocer y honrar la neurodiversidad. Celebramos la singularidad de los cerebros neurodivergentes y el valor de la neurodiversidad para la sociedad. La neurodiversidad se refiere a las formas casi infinitas en que los cerebros funcionan, perciben y entienden el mundo. Erkenne und schätze die Stärken und Fähigkeiten, die sich aus den verschiedenen Neurotips ergeben, wie Autismus, TDAH, Lese-Rechtschreibschwäche, TDC, Superdotación, mentale Störungen und andere. Wir feiern auch die Unterstützung und Anpassung von neurodiversen Menschen, damit sie in einer Gesellschaft gedeihen können, die auf die Mehrheit ausgerichtet ist.</p>
<p data-sourcepos="5:1-5:295">Du kannst eine fantastische Auswahl von 9 audiovisuellen Filmen sehen, die in den letzten Ausgaben des Festivals uraufgeführt wurden. Estamos seguros de que os va a sorprender.</p>
<p data-sourcepos="5:1-5:295">Este es el enlace paera poder ver: https://www.youtube.com/watch?v=xgANYKxhYx4&amp;t=54s</p>
<p data-sourcepos="7:1-8:58">Le invitamos a consultar el <strong>komplettes Programm</strong> y a participar en nuestros eventos a través de este enlace: <a class="ng-star-inserted" href="https://acortar.link/mpJmBn" target="_blank" rel="noopener">https://acortar.link/mpJmBn</a></p>
<p data-sourcepos="10:1-11:74">Además, nos encantaría contar con tu <strong>Meinung</strong> para elaborar un manifiesto que celebre la neurodiversidad. Im folgenden Formular kannst du deine Kommentare abgeben und dich für den direkten Zugang zu den Zoom-Sälen der Veranstaltungen registrieren: <a class="ng-star-inserted" href="https://forms.gle/r3F4Y2ysScKxvmdj9" target="_blank" rel="noopener">https://forms.gle/r3F4Y2ysScKxvmdj9</a></p>
<p data-sourcepos="13:1-13:22">¡Esperamos verte allí!</p>

<p>Hola a todos: ¡Este año es histórico! Por primera vez, los países hispanohablantes nos unimos a la celebración del Día del Orgullo de la Neurodiversidad. Es un honor para todos los [&hellip;]</p>
