{"id":25872883,"date":"2025-05-28T23:07:09","date_gmt":"2025-05-28T21:07:09","guid":{"rendered":"https:\/\/neurodiversityprideday.com\/nl"},"modified":"2025-05-28T23:07:09","modified_gmt":"2025-05-28T21:07:09","slug":"uitreiking-uit-met-autisme-award-categorie-speelpark-of-klein-attractiepark","status":"publish","type":"tribe_events","link":"https:\/\/neurodiversityprideday.com\/es\/my-event\/uitreiking-uit-met-autisme-award-categorie-speelpark-of-klein-attractiepark\/","title":{"rendered":"Uitreiking Uit met Autisme Award categorie Speelpark of klein attractiepark"},"content":{"rendered":"<p>La Stichting Uit met Autisme vuelve a conceder en 2025 por primera vez los Premios Uit met Autisme. Los premios se conceder\u00e1n en varias categor\u00edas y cada vez en una localidad concreta. Las localidades en s\u00ed no son las \u00fanicas. El 14 de junio se anunciar\u00e1n estos lugares. Sin embargo, si desea m\u00e1s informaci\u00f3n, puede cambiarla por una nueva. <a href=\"#Aanmeldformulier\"><u>opgaveformulier<\/u><\/a>\u00a0om onder embargo uiterlijk 11 juni bericht te ontvangen welke locaties een award krijgen en het leukste: waar we elkaar kunnen ontmoeten. A continuaci\u00f3n, te informamos sobre el Girasol de las Discapacidades Ocultas.<\/p>\n<p>Este concurso se celebrar\u00e1 el viernes para toda la familia.<\/p>","protected":false},"excerpt":{"rendered":"<p>Stichting Uit met Autisme reikt in 2025 voor het eerst de Uit met Autisme Awards uit. De awards worden uitgereikt over vijf categorie\u00ebn op elk een ander moment op de [&hellip;]<\/p>\n","protected":false},"author":1,"featured_media":25872886,"template":"","meta":{"_acf_changed":false,"_et_pb_use_builder":"","_et_pb_old_content":"","_et_gb_content_width":"","_tribe_events_status":"","_tribe_events_status_reason":"","footnotes":""},"tags":[],"tribe_events_cat":[],"class_list":["post-25872883","tribe_events","type-tribe_events","status-publish","has-post-thumbnail","hentry"],"acf":[],"_links":{"self":[{"href":"https:\/\/neurodiversityprideday.com\/es\/wp-json\/wp\/v2\/tribe_events\/25872883","targetHints":{"allow":["GET"]}}],"collection":[{"href":"https:\/\/neurodiversityprideday.com\/es\/wp-json\/wp\/v2\/tribe_events"}],"about":[{"href":"https:\/\/neurodiversityprideday.com\/es\/wp-json\/wp\/v2\/types\/tribe_events"}],"author":[{"embeddable":true,"href":"https:\/\/neurodiversityprideday.com\/es\/wp-json\/wp\/v2\/users\/1"}],"version-history":[{"count":1,"href":"https:\/\/neurodiversityprideday.com\/es\/wp-json\/wp\/v2\/tribe_events\/25872883\/revisions"}],"predecessor-version":[{"id":25872885,"href":"https:\/\/neurodiversityprideday.com\/es\/wp-json\/wp\/v2\/tribe_events\/25872883\/revisions\/25872885"}],"wp:featuredmedia":[{"embeddable":true,"href":"https:\/\/neurodiversityprideday.com\/es\/wp-json\/wp\/v2\/media\/25872886"}],"wp:attachment":[{"href":"https:\/\/neurodiversityprideday.com\/es\/wp-json\/wp\/v2\/media?parent=25872883"}],"wp:term":[{"taxonomy":"post_tag","embeddable":true,"href":"https:\/\/neurodiversityprideday.com\/es\/wp-json\/wp\/v2\/tags?post=25872883"},{"taxonomy":"tribe_events_cat","embeddable":true,"href":"https:\/\/neurodiversityprideday.com\/es\/wp-json\/wp\/v2\/tribe_events_cat?post=25872883"}],"curies":[{"name":"wp","href":"https:\/\/api.w.org\/{rel}","templated":true}]}}

<p>La Stichting Uit met Autisme vuelve a conceder en 2025 por primera vez los Premios Uit met Autisme. Los premios se concederán en varias categorías y cada vez en una localidad concreta. Las localidades en sí no son las únicas. El 14 de junio se anunciarán estos lugares. Sin embargo, si desea más información, puede cambiarla por una nueva. <a href="#Aanmeldformulier"><u>opgaveformulier</u></a> om onder embargo uiterlijk 11 juni bericht te ontvangen welke locaties een award krijgen en het leukste: waar we elkaar kunnen ontmoeten. A continuación, te informamos sobre el Girasol de las Discapacidades Ocultas.</p>
<p>Este concurso se celebrará el viernes para toda la familia.</p>

<p>Stichting Uit met Autisme reikt in 2025 voor het eerst de Uit met Autisme Awards uit. De awards worden uitgereikt over vijf categorieën op elk een ander moment op de [&hellip;]</p>
