{"id":25874843,"date":"2025-06-08T18:10:40","date_gmt":"2025-06-08T16:10:40","guid":{"rendered":"https:\/\/neurodiversityprideday.com\/?post_type=tribe_events&#038;p=25874843"},"modified":"2025-07-08T12:45:03","modified_gmt":"2025-07-08T10:45:03","slug":"pride-picknick-in-tokyo","status":"publish","type":"tribe_events","link":"https:\/\/neurodiversityprideday.com\/es\/my-event\/pride-picknick-in-tokyo\/","title":{"rendered":"Picknick del Orgullo en Tokio: 26 de julio de 2026"},"content":{"rendered":"<p><strong>Orgullo Picknick en Tokio:<\/strong><\/p>\n<p>Debido a los \u00faltimos acontecimientos, el evento se ha pospuesto al 26 de julio. La coordinadora y organizadora nacional es Mayu, y el nombre de la abanderada japonesa es Ichida Yuki, y la representante de los hispanohablantes en Jap\u00f3n es Janet Chumpitaz.  M\u00e1s informaci\u00f3n sobre las actividades en los carteles de actividades:<\/p>\n<p><img loading=\"lazy\" decoding=\"async\" class=\"alignnone wp-image-25877780 size-large\" src=\"https:\/\/neurodiversityprideday.com\/wp-content\/uploads\/2025\/06\/nd-pride-japan-2-819x1024.jpg\" alt=\"\" width=\"819\" height=\"1024\" \/><img loading=\"lazy\" decoding=\"async\" class=\"alignnone wp-image-25877777 size-medium\" src=\"https:\/\/neurodiversityprideday.com\/wp-content\/uploads\/2025\/06\/nd-pride-japan-5-240x300.jpg\" alt=\"\" width=\"240\" height=\"300\" \/> <img loading=\"lazy\" decoding=\"async\" class=\"alignnone size-medium wp-image-25877778\" src=\"https:\/\/neurodiversityprideday.com\/wp-content\/uploads\/2025\/06\/nd-pride-japan-4-240x300.jpg\" alt=\"\" width=\"240\" height=\"300\" \/> <img loading=\"lazy\" decoding=\"async\" class=\"alignnone size-medium wp-image-25877779\" src=\"https:\/\/neurodiversityprideday.com\/wp-content\/uploads\/2025\/06\/nd-pride-japan-3-240x300.jpg\" alt=\"\" width=\"240\" height=\"300\" \/><\/p>","protected":false},"excerpt":{"rendered":"<p>Pride Picknick in Tokyo: Due to recent developments, the event has been postponed to the 26th of July. The national coordinator and organizer is Mayu, and the name of the [&hellip;]<\/p>\n","protected":false},"author":1,"featured_media":25877780,"template":"","meta":{"_acf_changed":false,"_et_pb_use_builder":"","_et_pb_old_content":"","_et_gb_content_width":"","_tribe_events_status":"","_tribe_events_status_reason":"","footnotes":""},"tags":[],"tribe_events_cat":[68,70],"class_list":["post-25874843","tribe_events","type-tribe_events","status-publish","has-post-thumbnail","hentry","tribe_events_cat-in-person","tribe_events_cat-other","cat_in-person","cat_other"],"acf":[],"_links":{"self":[{"href":"https:\/\/neurodiversityprideday.com\/es\/wp-json\/wp\/v2\/tribe_events\/25874843","targetHints":{"allow":["GET"]}}],"collection":[{"href":"https:\/\/neurodiversityprideday.com\/es\/wp-json\/wp\/v2\/tribe_events"}],"about":[{"href":"https:\/\/neurodiversityprideday.com\/es\/wp-json\/wp\/v2\/types\/tribe_events"}],"author":[{"embeddable":true,"href":"https:\/\/neurodiversityprideday.com\/es\/wp-json\/wp\/v2\/users\/1"}],"version-history":[{"count":6,"href":"https:\/\/neurodiversityprideday.com\/es\/wp-json\/wp\/v2\/tribe_events\/25874843\/revisions"}],"predecessor-version":[{"id":25877782,"href":"https:\/\/neurodiversityprideday.com\/es\/wp-json\/wp\/v2\/tribe_events\/25874843\/revisions\/25877782"}],"wp:featuredmedia":[{"embeddable":true,"href":"https:\/\/neurodiversityprideday.com\/es\/wp-json\/wp\/v2\/media\/25877780"}],"wp:attachment":[{"href":"https:\/\/neurodiversityprideday.com\/es\/wp-json\/wp\/v2\/media?parent=25874843"}],"wp:term":[{"taxonomy":"post_tag","embeddable":true,"href":"https:\/\/neurodiversityprideday.com\/es\/wp-json\/wp\/v2\/tags?post=25874843"},{"taxonomy":"tribe_events_cat","embeddable":true,"href":"https:\/\/neurodiversityprideday.com\/es\/wp-json\/wp\/v2\/tribe_events_cat?post=25874843"}],"curies":[{"name":"wp","href":"https:\/\/api.w.org\/{rel}","templated":true}]}}

<p><strong>Orgullo Picknick en Tokio:</strong></p>
<p>Debido a los últimos acontecimientos, el evento se ha pospuesto al 26 de julio. La coordinadora y organizadora nacional es Mayu, y el nombre de la abanderada japonesa es Ichida Yuki, y la representante de los hispanohablantes en Japón es Janet Chumpitaz.  Más información sobre las actividades en los carteles de actividades:</p>
<p><img loading="lazy" decoding="async" class="alignnone wp-image-25877780 size-large" src="https://neurodiversityprideday.com/wp-content/uploads/2025/06/nd-pride-japan-2-819x1024.jpg" alt="" width="819" height="1024" /><img loading="lazy" decoding="async" class="alignnone wp-image-25877777 size-medium" src="https://neurodiversityprideday.com/wp-content/uploads/2025/06/nd-pride-japan-5-240x300.jpg" alt="" width="240" height="300" /> <img loading="lazy" decoding="async" class="alignnone size-medium wp-image-25877778" src="https://neurodiversityprideday.com/wp-content/uploads/2025/06/nd-pride-japan-4-240x300.jpg" alt="" width="240" height="300" /> <img loading="lazy" decoding="async" class="alignnone size-medium wp-image-25877779" src="https://neurodiversityprideday.com/wp-content/uploads/2025/06/nd-pride-japan-3-240x300.jpg" alt="" width="240" height="300" /></p>
