{"id":25873741,"date":"2025-06-04T11:40:38","date_gmt":"2025-06-04T09:40:38","guid":{"rendered":"https:\/\/neurodiversityprideday.com\/?post_type=tribe_events&#038;p=25873741"},"modified":"2025-06-04T11:40:38","modified_gmt":"2025-06-04T09:40:38","slug":"marsha-de-heus-webinar-hoogbegaafdheid-dubbeldiagnoses-en-misdiagnoses-inzicht-herkenning-en-handelingsperspectief","status":"publish","type":"tribe_events","link":"https:\/\/neurodiversityprideday.com\/fi\/my-event\/marsha-de-heus-webinar-hoogbegaafdheid-dubbeldiagnoses-en-misdiagnoses-inzicht-herkenning-en-handelingsperspectief\/","title":{"rendered":"Marsha de Heus - Webinaari: Hoogbegaafdheid: dubbeldiagnoses en misdiagnoses: inzicht, herkenning en handelingsperspectief: inzicht, herkenning en handelingsperspectief"},"content":{"rendered":"<p>\ud83d\udcc5 20. kes\u00e4kuuta - 15:00 - 15:45<\/p>\n<h3>Hoogbegaafdheid: dubbeldiagnoses en misdiagnoses: inzicht, herkenning en handelingsperspectief (Hoogbegaafdheid: dubbeldiagnoses en misdiagnoses: inzicht, herkenning en handelingsperspectief).<\/h3>\n<p>H\u00e4n on usein enemm\u00e4nkin kiinnostunut hongbegaafdheidist\u00e4, mutta k\u00e4yt\u00e4nn\u00f6ss\u00e4 tied\u00e4mme, ett\u00e4 se on hyvin t\u00e4rke\u00e4\u00e4 autismin kirjon, ADHD:n tai muiden neurodivergentian muotojen yhteydess\u00e4. T\u00e4m\u00e4 tarkoittaa, ett\u00e4 minun on helpompi ymm\u00e4rt\u00e4\u00e4 muita tapoja toimia.<\/p>\n<p><strong>Psykologi Marsha de Heus<\/strong>, joka k\u00e4sittelee neurodiversiteetti\u00e4 koskevaa sosiaalista mallia, k\u00e4sittelee yleisi\u00e4 virhediagnooseja, ep\u00e4selvien diagnoosien vaikutusta ja sit\u00e4, miten sin\u00e4 itse p\u00e4rj\u00e4\u00e4t j\u00e4rjestelm\u00e4ss\u00e4, joka ei ole t\u00e4ysin ymm\u00e4rrett\u00e4v\u00e4.<\/p>\n<p>K\u00e4yt\u00e4nn\u00f6lliset k\u00e4densijat, herkenbare voorbeelden ja volop ruimte for jouw vragen.<\/p>\n<ul>\n<li><strong>\ud83c\udf99 Spreker:<\/strong>\u00a0Marsha de Heus<\/li>\n<li><strong>\u23f1 Duur:<\/strong>\u00a045 minuten<\/li>\n<\/ul>\n<div id=\"gtx-trans\" style=\"position: absolute; left: 95px; top: 288.542px;\">\n<div class=\"gtx-trans-icon\"><\/div>\n<\/div>","protected":false},"excerpt":{"rendered":"<p>\ud83d\udcc5 20 juni \u2013 15:00 \u2013 15:45 Hoogbegaafdheid: dubbeldiagnoses en misdiagnoses: inzicht, herkenning en handelingsperspectief Er is steeds meer aandacht voor hoogbegaafdheid, maar in de praktijk zien we dat dit [&hellip;]<\/p>\n","protected":false},"author":1,"featured_media":25873724,"template":"","meta":{"_acf_changed":false,"_et_pb_use_builder":"","_et_pb_old_content":"","_et_gb_content_width":"","_tribe_events_status":"","_tribe_events_status_reason":"","footnotes":""},"tags":[],"tribe_events_cat":[67,69],"class_list":["post-25873741","tribe_events","type-tribe_events","status-publish","has-post-thumbnail","hentry","tribe_events_cat-online","tribe_events_cat-talks","cat_online","cat_talks"],"acf":[],"_links":{"self":[{"href":"https:\/\/neurodiversityprideday.com\/fi\/wp-json\/wp\/v2\/tribe_events\/25873741","targetHints":{"allow":["GET"]}}],"collection":[{"href":"https:\/\/neurodiversityprideday.com\/fi\/wp-json\/wp\/v2\/tribe_events"}],"about":[{"href":"https:\/\/neurodiversityprideday.com\/fi\/wp-json\/wp\/v2\/types\/tribe_events"}],"author":[{"embeddable":true,"href":"https:\/\/neurodiversityprideday.com\/fi\/wp-json\/wp\/v2\/users\/1"}],"version-history":[{"count":1,"href":"https:\/\/neurodiversityprideday.com\/fi\/wp-json\/wp\/v2\/tribe_events\/25873741\/revisions"}],"predecessor-version":[{"id":25873742,"href":"https:\/\/neurodiversityprideday.com\/fi\/wp-json\/wp\/v2\/tribe_events\/25873741\/revisions\/25873742"}],"wp:featuredmedia":[{"embeddable":true,"href":"https:\/\/neurodiversityprideday.com\/fi\/wp-json\/wp\/v2\/media\/25873724"}],"wp:attachment":[{"href":"https:\/\/neurodiversityprideday.com\/fi\/wp-json\/wp\/v2\/media?parent=25873741"}],"wp:term":[{"taxonomy":"post_tag","embeddable":true,"href":"https:\/\/neurodiversityprideday.com\/fi\/wp-json\/wp\/v2\/tags?post=25873741"},{"taxonomy":"tribe_events_cat","embeddable":true,"href":"https:\/\/neurodiversityprideday.com\/fi\/wp-json\/wp\/v2\/tribe_events_cat?post=25873741"}],"curies":[{"name":"wp","href":"https:\/\/api.w.org\/{rel}","templated":true}]}}

<p>📅 20. kesäkuuta - 15:00 - 15:45</p>
<h3>Hoogbegaafdheid: dubbeldiagnoses en misdiagnoses: inzicht, herkenning en handelingsperspectief (Hoogbegaafdheid: dubbeldiagnoses en misdiagnoses: inzicht, herkenning en handelingsperspectief).</h3>
<p>Hän on usein enemmänkin kiinnostunut hongbegaafdheidistä, mutta käytännössä tiedämme, että se on hyvin tärkeää autismin kirjon, ADHD:n tai muiden neurodivergentian muotojen yhteydessä. Tämä tarkoittaa, että minun on helpompi ymmärtää muita tapoja toimia.</p>
<p><strong>Psykologi Marsha de Heus</strong>, joka käsittelee neurodiversiteettiä koskevaa sosiaalista mallia, käsittelee yleisiä virhediagnooseja, epäselvien diagnoosien vaikutusta ja sitä, miten sinä itse pärjäät järjestelmässä, joka ei ole täysin ymmärrettävä.</p>
<p>Käytännölliset kädensijat, herkenbare voorbeelden ja volop ruimte for jouw vragen.</p>
<ul>
<li><strong>🎙 Spreker:</strong> Marsha de Heus</li>
<li><strong>⏱ Duur:</strong> 45 minuten</li>
</ul>
<div id="gtx-trans" style="position: absolute; left: 95px; top: 288.542px;">
<div class="gtx-trans-icon"></div>
</div>
