{"id":25873122,"date":"2025-05-30T22:54:00","date_gmt":"2025-05-30T20:54:00","guid":{"rendered":"https:\/\/neurodiversityprideday.com\/?post_type=tribe_events&#038;p=25873122"},"modified":"2025-05-30T22:54:00","modified_gmt":"2025-05-30T20:54:00","slug":"natuurwandeling-diversiteit-troef","status":"publish","type":"tribe_events","link":"https:\/\/neurodiversityprideday.com\/fr\/my-event\/natuurwandeling-diversiteit-troef\/","title":{"rendered":"Natuurwandeling Diversiteit Troef !"},"content":{"rendered":"<p>- Natuurgids + dichter = weetjes en haiku's die je brein blij maken<br \/>\n- Start 14u @ Klein Engelandhoeve, Klein Engeland 29 te Turnhout<br \/>\n- Kort (3km), gratis en boeiend<br \/>\nSi ta t\u00eate est pleine d'id\u00e9es, si tu as besoin d'une aide ou si tu es d\u00e9pass\u00e9 par les \u00e9v\u00e9nements, cette promenade est une ode \u00e0 l'\u00e9coute de la lumi\u00e8re. Les inscriptions ne sont pas n\u00e9cessaires.<br \/>\nVier de meerwaarde van neurodiversiteit in de prachtige Kempense natuur !<\/p>","protected":false},"excerpt":{"rendered":"<p>\u2022 Natuurgids + dichter = weetjes en haiku\u2019s die je brein blij maken \u2022 Start 14u @ Klein Engelandhoeve, Klein Engeland 29 te Turnhout \u2022 Kort (3km), gratis en boeiend [&hellip;]<\/p>\n","protected":false},"author":1,"featured_media":25873164,"template":"","meta":{"_acf_changed":false,"_et_pb_use_builder":"","_et_pb_old_content":"","_et_gb_content_width":"","_tribe_events_status":"","_tribe_events_status_reason":"","footnotes":""},"tags":[],"tribe_events_cat":[70],"class_list":["post-25873122","tribe_events","type-tribe_events","status-publish","has-post-thumbnail","hentry","tribe_events_cat-other","cat_other"],"acf":[],"_links":{"self":[{"href":"https:\/\/neurodiversityprideday.com\/fr\/wp-json\/wp\/v2\/tribe_events\/25873122","targetHints":{"allow":["GET"]}}],"collection":[{"href":"https:\/\/neurodiversityprideday.com\/fr\/wp-json\/wp\/v2\/tribe_events"}],"about":[{"href":"https:\/\/neurodiversityprideday.com\/fr\/wp-json\/wp\/v2\/types\/tribe_events"}],"author":[{"embeddable":true,"href":"https:\/\/neurodiversityprideday.com\/fr\/wp-json\/wp\/v2\/users\/1"}],"version-history":[{"count":2,"href":"https:\/\/neurodiversityprideday.com\/fr\/wp-json\/wp\/v2\/tribe_events\/25873122\/revisions"}],"predecessor-version":[{"id":25873161,"href":"https:\/\/neurodiversityprideday.com\/fr\/wp-json\/wp\/v2\/tribe_events\/25873122\/revisions\/25873161"}],"wp:featuredmedia":[{"embeddable":true,"href":"https:\/\/neurodiversityprideday.com\/fr\/wp-json\/wp\/v2\/media\/25873164"}],"wp:attachment":[{"href":"https:\/\/neurodiversityprideday.com\/fr\/wp-json\/wp\/v2\/media?parent=25873122"}],"wp:term":[{"taxonomy":"post_tag","embeddable":true,"href":"https:\/\/neurodiversityprideday.com\/fr\/wp-json\/wp\/v2\/tags?post=25873122"},{"taxonomy":"tribe_events_cat","embeddable":true,"href":"https:\/\/neurodiversityprideday.com\/fr\/wp-json\/wp\/v2\/tribe_events_cat?post=25873122"}],"curies":[{"name":"wp","href":"https:\/\/api.w.org\/{rel}","templated":true}]}}

<p>- Natuurgids + dichter = weetjes en haiku's die je brein blij maken<br />
- Start 14u @ Klein Engelandhoeve, Klein Engeland 29 te Turnhout<br />
- Kort (3km), gratis en boeiend<br />
Si ta tête est pleine d'idées, si tu as besoin d'une aide ou si tu es dépassé par les événements, cette promenade est une ode à l'écoute de la lumière. Les inscriptions ne sont pas nécessaires.<br />
Vier de meerwaarde van neurodiversiteit in de prachtige Kempense natuur !</p>
