{"id":25872883,"date":"2025-05-28T23:07:09","date_gmt":"2025-05-28T21:07:09","guid":{"rendered":"https:\/\/neurodiversityprideday.com\/nl"},"modified":"2025-05-28T23:07:09","modified_gmt":"2025-05-28T21:07:09","slug":"uitreiking-uit-met-autisme-award-categorie-speelpark-of-klein-attractiepark","status":"publish","type":"tribe_events","link":"https:\/\/neurodiversityprideday.com\/hu\/my-event\/uitreiking-uit-met-autisme-award-categorie-speelpark-of-klein-attractiepark\/","title":{"rendered":"Uitreiking Uit met Autisme Award categorie Speelpark of klein attractiepark Speelpark of klein attractiepark"},"content":{"rendered":"<p>A Stichting Uit met Autisme 2025-ben ism\u00e9t kiosztja a Uit met Autisme Awards d\u00edjat. A d\u00edjakat \u00f6t kateg\u00f3ri\u00e1ban osztj\u00e1k ki, egy-egy m\u00e1sik alkalommal, a helysz\u00edneken \u00f6nmagukban. A helysz\u00ednek \u00f6nmagukban m\u00e9g nem is l\u00e9teznek. Ezek a helysz\u00ednek j\u00fanius 14-\u00e9n ker\u00fclnek kihirdet\u00e9sre. De ha jobban szeretn\u00e9d, akkor ezt egy olyan helyen is megteheted, ahol nem tudod megn\u00e9zni. <a href=\"#Aanmeldformulier\"><u>opgaveformulier<\/u><\/a>\u00a0om onder embargo uiterlijk 11 juni bericht te ontvangen welke locaties een award krijgen en het leukste: waar we elkaar kunnen ontmoeten. Ezt a d\u00edjat a Hidden Disabilities Sunflower kulcsszalagj\u00e1n tal\u00e1ljuk.<\/p>\n<p>Deze prijsuitreiking op vaderdag is geschikt voor het heele gezin!<\/p>","protected":false},"excerpt":{"rendered":"<p>Stichting Uit met Autisme reikt in 2025 voor het eerst de Uit met Autisme Awards uit. De awards worden uitgereikt over vijf categorie\u00ebn op elk een ander moment op de [&hellip;]<\/p>\n","protected":false},"author":1,"featured_media":25872886,"template":"","meta":{"_acf_changed":false,"_et_pb_use_builder":"","_et_pb_old_content":"","_et_gb_content_width":"","_tribe_events_status":"","_tribe_events_status_reason":"","footnotes":""},"tags":[],"tribe_events_cat":[],"class_list":["post-25872883","tribe_events","type-tribe_events","status-publish","has-post-thumbnail","hentry"],"acf":[],"_links":{"self":[{"href":"https:\/\/neurodiversityprideday.com\/hu\/wp-json\/wp\/v2\/tribe_events\/25872883","targetHints":{"allow":["GET"]}}],"collection":[{"href":"https:\/\/neurodiversityprideday.com\/hu\/wp-json\/wp\/v2\/tribe_events"}],"about":[{"href":"https:\/\/neurodiversityprideday.com\/hu\/wp-json\/wp\/v2\/types\/tribe_events"}],"author":[{"embeddable":true,"href":"https:\/\/neurodiversityprideday.com\/hu\/wp-json\/wp\/v2\/users\/1"}],"version-history":[{"count":1,"href":"https:\/\/neurodiversityprideday.com\/hu\/wp-json\/wp\/v2\/tribe_events\/25872883\/revisions"}],"predecessor-version":[{"id":25872885,"href":"https:\/\/neurodiversityprideday.com\/hu\/wp-json\/wp\/v2\/tribe_events\/25872883\/revisions\/25872885"}],"wp:featuredmedia":[{"embeddable":true,"href":"https:\/\/neurodiversityprideday.com\/hu\/wp-json\/wp\/v2\/media\/25872886"}],"wp:attachment":[{"href":"https:\/\/neurodiversityprideday.com\/hu\/wp-json\/wp\/v2\/media?parent=25872883"}],"wp:term":[{"taxonomy":"post_tag","embeddable":true,"href":"https:\/\/neurodiversityprideday.com\/hu\/wp-json\/wp\/v2\/tags?post=25872883"},{"taxonomy":"tribe_events_cat","embeddable":true,"href":"https:\/\/neurodiversityprideday.com\/hu\/wp-json\/wp\/v2\/tribe_events_cat?post=25872883"}],"curies":[{"name":"wp","href":"https:\/\/api.w.org\/{rel}","templated":true}]}}

<p>A Stichting Uit met Autisme 2025-ben ismét kiosztja a Uit met Autisme Awards díjat. A díjakat öt kategóriában osztják ki, egy-egy másik alkalommal, a helyszíneken önmagukban. A helyszínek önmagukban még nem is léteznek. Ezek a helyszínek június 14-én kerülnek kihirdetésre. De ha jobban szeretnéd, akkor ezt egy olyan helyen is megteheted, ahol nem tudod megnézni. <a href="#Aanmeldformulier"><u>opgaveformulier</u></a> om onder embargo uiterlijk 11 juni bericht te ontvangen welke locaties een award krijgen en het leukste: waar we elkaar kunnen ontmoeten. Ezt a díjat a Hidden Disabilities Sunflower kulcsszalagján találjuk.</p>
<p>Deze prijsuitreiking op vaderdag is geschikt voor het heele gezin!</p>

<p>Stichting Uit met Autisme reikt in 2025 voor het eerst de Uit met Autisme Awards uit. De awards worden uitgereikt over vijf categorieën op elk een ander moment op de [&hellip;]</p>
