{"id":25873741,"date":"2025-06-04T11:40:38","date_gmt":"2025-06-04T09:40:38","guid":{"rendered":"https:\/\/neurodiversityprideday.com\/?post_type=tribe_events&#038;p=25873741"},"modified":"2025-06-04T11:40:38","modified_gmt":"2025-06-04T09:40:38","slug":"marsha-de-heus-webinar-hoogbegaafdheid-dubbeldiagnoses-en-misdiagnoses-inzicht-herkenning-en-handelingsperspectief","status":"publish","type":"tribe_events","link":"https:\/\/neurodiversityprideday.com\/hu\/my-event\/marsha-de-heus-webinar-hoogbegaafdheid-dubbeldiagnoses-en-misdiagnoses-inzicht-herkenning-en-handelingsperspectief\/","title":{"rendered":"Marsha de Heus - Webin\u00e1rium: Hoogbegaafdheid: dubbeldiagnoses en misdiagnoses: inzicht, herkenning en handelingsperspekt\u00edva"},"content":{"rendered":"<p>\ud83d\udcc5 20 juni - 15:00 - 15:45<\/p>\n<h3>Hoogbegaafdheid: dubbeldiagnoses en misdiagnoses: inzicht, herkenning en handelingsperspectief (Hoogbegaafdheid: dubbeldiagnoses en misdiagnoses: inzicht, herkenning en handelingsperspectief)<\/h3>\n<p>A hoogbegaafdheidre sokkal t\u00f6bb figyelmet ford\u00edtanak, de a gyakorlatban azt l\u00e1tjuk, hogy ez az autizmus, az ADHD vagy m\u00e1s neurodivergens t\u00fcnetekkel k\u00fczd\u0151 szem\u00e9lyek eset\u00e9ben nagyon fontos. Ez azt jelenti, hogy m\u00e1s m\u00f3don is meg lehet tanulni.<\/p>\n<p><strong>Pszichol\u00f3gus Marsha de Heus<\/strong>, amely a neurodiverzit\u00e1s t\u00e1rsadalmi modellj\u00e9r\u0151l sz\u00f3l, foglalkozik a t\u00e9ves diagn\u00f3zisokkal, a kett\u0151s diagn\u00f3zisok hat\u00e1s\u00e1val \u00e9s azzal, hogy hogyan ker\u00fclhet\u00fcnk be egy olyan rendszerbe, amely nem mindig a mi\u00e9nk.<\/p>\n<p>Praktikus k\u00e9zik\u00f6nyvekkel, k\u00f6nnyen kezelhet\u0151 felszerel\u00e9sekkel \u00e9s nagyszer\u0171 felszerelts\u00e9ggel az \u00d6n ig\u00e9nyeihez.<\/p>\n<ul>\n<li><strong>\ud83c\udf99 Spreker:<\/strong>\u00a0Marsha de Heus<\/li>\n<li><strong>\u23f1 Duur:<\/strong>\u00a045 perc<\/li>\n<\/ul>\n<div id=\"gtx-trans\" style=\"position: absolute; left: 95px; top: 288.542px;\">\n<div class=\"gtx-trans-icon\"><\/div>\n<\/div>","protected":false},"excerpt":{"rendered":"<p>\ud83d\udcc5 20 juni \u2013 15:00 \u2013 15:45 Hoogbegaafdheid: dubbeldiagnoses en misdiagnoses: inzicht, herkenning en handelingsperspectief Er is steeds meer aandacht voor hoogbegaafdheid, maar in de praktijk zien we dat dit [&hellip;]<\/p>\n","protected":false},"author":1,"featured_media":25873724,"template":"","meta":{"_acf_changed":false,"_et_pb_use_builder":"","_et_pb_old_content":"","_et_gb_content_width":"","_tribe_events_status":"","_tribe_events_status_reason":"","footnotes":""},"tags":[],"tribe_events_cat":[67,69],"class_list":["post-25873741","tribe_events","type-tribe_events","status-publish","has-post-thumbnail","hentry","tribe_events_cat-online","tribe_events_cat-talks","cat_online","cat_talks"],"acf":[],"_links":{"self":[{"href":"https:\/\/neurodiversityprideday.com\/hu\/wp-json\/wp\/v2\/tribe_events\/25873741","targetHints":{"allow":["GET"]}}],"collection":[{"href":"https:\/\/neurodiversityprideday.com\/hu\/wp-json\/wp\/v2\/tribe_events"}],"about":[{"href":"https:\/\/neurodiversityprideday.com\/hu\/wp-json\/wp\/v2\/types\/tribe_events"}],"author":[{"embeddable":true,"href":"https:\/\/neurodiversityprideday.com\/hu\/wp-json\/wp\/v2\/users\/1"}],"version-history":[{"count":1,"href":"https:\/\/neurodiversityprideday.com\/hu\/wp-json\/wp\/v2\/tribe_events\/25873741\/revisions"}],"predecessor-version":[{"id":25873742,"href":"https:\/\/neurodiversityprideday.com\/hu\/wp-json\/wp\/v2\/tribe_events\/25873741\/revisions\/25873742"}],"wp:featuredmedia":[{"embeddable":true,"href":"https:\/\/neurodiversityprideday.com\/hu\/wp-json\/wp\/v2\/media\/25873724"}],"wp:attachment":[{"href":"https:\/\/neurodiversityprideday.com\/hu\/wp-json\/wp\/v2\/media?parent=25873741"}],"wp:term":[{"taxonomy":"post_tag","embeddable":true,"href":"https:\/\/neurodiversityprideday.com\/hu\/wp-json\/wp\/v2\/tags?post=25873741"},{"taxonomy":"tribe_events_cat","embeddable":true,"href":"https:\/\/neurodiversityprideday.com\/hu\/wp-json\/wp\/v2\/tribe_events_cat?post=25873741"}],"curies":[{"name":"wp","href":"https:\/\/api.w.org\/{rel}","templated":true}]}}

Marsha de Heus - Webinárium: Hoogbegaafdheid: dubbeldiagnoses en misdiagnoses: inzicht, herkenning en handelingsperspektíva

<p>📅 20 juni - 15:00 - 15:45</p>
<h3>Hoogbegaafdheid: dubbeldiagnoses en misdiagnoses: inzicht, herkenning en handelingsperspectief (Hoogbegaafdheid: dubbeldiagnoses en misdiagnoses: inzicht, herkenning en handelingsperspectief)</h3>
<p>A hoogbegaafdheidre sokkal több figyelmet fordítanak, de a gyakorlatban azt látjuk, hogy ez az autizmus, az ADHD vagy más neurodivergens tünetekkel küzdő személyek esetében nagyon fontos. Ez azt jelenti, hogy más módon is meg lehet tanulni.</p>
<p><strong>Pszichológus Marsha de Heus</strong>, amely a neurodiverzitás társadalmi modelljéről szól, foglalkozik a téves diagnózisokkal, a kettős diagnózisok hatásával és azzal, hogy hogyan kerülhetünk be egy olyan rendszerbe, amely nem mindig a miénk.</p>
<p>Praktikus kézikönyvekkel, könnyen kezelhető felszerelésekkel és nagyszerű felszereltséggel az Ön igényeihez.</p>
<ul>
<li><strong>🎙 Spreker:</strong> Marsha de Heus</li>
<li><strong>⏱ Duur:</strong> 45 perc</li>
</ul>
<div id="gtx-trans" style="position: absolute; left: 95px; top: 288.542px;">
<div class="gtx-trans-icon"></div>
</div>
