{"id":25874493,"date":"2025-06-06T15:07:41","date_gmt":"2025-06-06T13:07:41","guid":{"rendered":"https:\/\/neurodiversityprideday.com\/?post_type=tribe_events&#038;p=25874493"},"modified":"2025-06-13T14:08:07","modified_gmt":"2025-06-13T12:08:07","slug":"beyond-the-norm-celebrating-all-minds-through-neuroinclusive-care-and-education","status":"publish","type":"tribe_events","link":"https:\/\/neurodiversityprideday.com\/hu\/my-event\/beyond-the-norm-celebrating-all-minds-through-neuroinclusive-care-and-education\/","title":{"rendered":"A norm\u00e1n t\u00fal: Az \u00f6sszes elme \u00fcnnepl\u00e9se a neuroinkluz\u00edv gondoz\u00e1s \u00e9s oktat\u00e1s r\u00e9v\u00e9n"},"content":{"rendered":"<div class=\"sVLH7h\">\n<div class=\"qJ0QtF W8KyHZ vvjb38\">\n<div class=\"MIvWD\" dir=\"ltr\" data-id=\"content-viewer\">\n<div class=\"CqvLv\">\n<div class=\"_6EiaF\">\n<h1 id=\"viewer-btbe6124\" class=\"jTnlE Wh5Vq YFeZR rp3R4\" dir=\"auto\"><span class=\"_7kgFm\"><strong>A norm\u00e1n t\u00fal: Az \u00f6sszes elme \u00fcnnepl\u00e9se a neuroinkluz\u00edv gondoz\u00e1s \u00e9s oktat\u00e1s r\u00e9v\u00e9n<\/strong><\/span><\/h1>\n<h3 id=\"viewer-ocamm127\" class=\"pRw5c Wh5Vq YFeZR rp3R4\" dir=\"auto\"><span class=\"_7kgFm\">Tal\u00e1lkoz\u00f3 pedag\u00f3gusok, edz\u0151k \u00e9s sz\u00f6vets\u00e9gesek sz\u00e1m\u00e1ra, akik elk\u00f6telezettek a Minden agynak val\u00f3 tartoz\u00e1s ir\u00e1nt<\/span><\/h3>\n<p id=\"viewer-6qv66130\" class=\"CXcsI h-SF9 YFeZR rp3R4\" dir=\"auto\"><span class=\"wCrjQ\">Ha gyermekeket t\u00e1mogatsz - legyen sz\u00f3 ak\u00e1r a kisiskol\u00e1skorban, \u00e1ltal\u00e1nos iskolai oszt\u00e1lyban, edz\u0151i foglalkoz\u00e1sokon vagy gondoz\u00f3i szerepk\u00f6rben -, akkor m\u00e1r most is a j\u00f6v\u0151t alak\u00edtod. Ezen a Neurodiversity Pride Day-en csatlakozzon egy er\u0151teljes tanul\u00e1si \u00e9lm\u00e9nyhez, amelynek c\u00e9lja, hogy n\u00f6velje \u00f6nbizalm\u00e1t, elm\u00e9ly\u00edtse meg\u00e9rt\u00e9s\u00e9t, \u00e9s olyan eszk\u00f6z\u00f6kkel ruh\u00e1zza fel, amelyekkel mindenf\u00e9le elm\u00e9t t\u00e1mogathat.<\/span><\/p>\n<div id=\"viewer-kgej6132\" class=\"CXcsI h-SF9 YFeZR rp3R4\" dir=\"auto\"><span class=\"wCrjQ\">\u00a0<\/span><span class=\"wCrjQ\">A Neurodiversity Education Academy \u00e1ltal szervezett esem\u00e9nyen a val\u00f3s \u00e9letb\u0151l sz\u00e1rmaz\u00f3 betekint\u00e9st gyakorlati strat\u00e9gi\u00e1kkal \u00f6tv\u00f6zik, amelyeket k\u00f6zvetlen\u00fcl \u00e1t\u00fcltethetnek a tanul\u00e1si k\u00f6rnyezet\u00fckbe. Legyen sz\u00f3 ak\u00e1r a nagy \u00e9rzelmekre val\u00f3 reag\u00e1l\u00e1sr\u00f3l, a v\u00e9grehajt\u00f3 funkci\u00f3k fejleszt\u00e9s\u00e9r\u0151l, vagy olyan terek l\u00e9trehoz\u00e1s\u00e1r\u00f3l, ahol minden gyermek biztons\u00e1gban \u00e9rzi mag\u00e1t \u00e9s megl\u00e1tottnak - t\u00f6bb tiszt\u00e1nl\u00e1t\u00e1ssal, t\u00f6bb eszk\u00f6zzel \u00e9s t\u00f6bb kapcsolattal t\u00e1vozik majd.<\/span><\/div>\n<div id=\"viewer-2572r135\" class=\"CXcsI h-SF9 YFeZR rp3R4\" dir=\"auto\"><span class=\"wCrjQ\">\u00a0<\/span><\/div>\n<p id=\"viewer-ozfd5136\" class=\"CXcsI h-SF9 YFeZR rp3R4\" dir=\"auto\"><span class=\"wCrjQ\">Mit fogsz nyerni:<\/span><\/p>\n<ul>\n<li id=\"viewer-0wng7138\" class=\"CXcsI h-SF9 YFeZR rp3R4\" dir=\"auto\"><span class=\"wCrjQ\">A neurodivergens tapasztalatok m\u00e9lyebb meg\u00e9rt\u00e9se - a fiatalok hangj\u00e1n kereszt\u00fcl<\/span><\/li>\n<li id=\"viewer-aepcp140\" class=\"CXcsI h-SF9 YFeZR rp3R4\" dir=\"auto\"><span class=\"wCrjQ\">Az \u00e9rzelmi \u00e9s energiaszab\u00e1lyoz\u00e1st t\u00e1mogat\u00f3 eszk\u00f6z\u00f6k koroszt\u00e1lyok \u00e9s k\u00f6rnyezetek k\u00f6z\u00f6tt<\/span><\/li>\n<li id=\"viewer-xtebf142\" class=\"CXcsI h-SF9 YFeZR rp3R4\" dir=\"auto\"><span class=\"wCrjQ\">Gyakorlati m\u00f3dszerek a v\u00e9grehajt\u00f3 m\u0171k\u00f6d\u00e9si k\u00e9szs\u00e9gek stressz \u00e9s sz\u00e9gyen\u00e9rzet n\u00e9lk\u00fcli fejleszt\u00e9s\u00e9re<\/span><\/li>\n<li id=\"viewer-mi59f144\" class=\"CXcsI h-SF9 YFeZR rp3R4\" dir=\"auto\"><span class=\"wCrjQ\">A bizalom, az egy\u00fcttszab\u00e1lyoz\u00e1s \u00e9s a kapcsolat ki\u00e9p\u00edt\u00e9s\u00e9nek m\u00f3dszerei a napi rutinok sor\u00e1n<\/span><\/li>\n<li id=\"viewer-7kwpr146\" class=\"CXcsI h-SF9 YFeZR rp3R4\" dir=\"auto\"><span class=\"wCrjQ\">Egy t\u00e1mogat\u00f3 t\u00e9r, ahol egy\u00fctt gondolkodhatunk, felt\u00f6lt\u0151dhet\u00fcnk \u00e9s tanulhatunk olyanokkal, akiknek fontos a befogad\u00e1s.<\/span><\/li>\n<\/ul>\n<p id=\"viewer-x358f149\" class=\"CXcsI h-SF9 YFeZR rp3R4\" dir=\"auto\"><span class=\"wCrjQ\">A nap r\u00e9sze egy nyugodt pihen\u0151hely a pihen\u00e9shez \u00e9s szab\u00e1lyoz\u00e1shoz, valamint egy tizen\u00e9vesek \u00e1ltal vezetett megoszt\u00e1si k\u00f6r, amely a t\u00e1rsak k\u00f6z\u00f6tti kapcsolatot \u00e9s a hangot helyezi a k\u00f6z\u00e9ppontba.<\/span><\/p>\n<div id=\"viewer-cmqcf151\" class=\"CXcsI h-SF9 YFeZR rp3R4\" dir=\"auto\"><span class=\"wCrjQ\">\u00a0<\/span><\/div>\n<h4 id=\"viewer-bgzwp152\" class=\"Qmzwu Wh5Vq YFeZR rp3R4\" dir=\"auto\"><span class=\"_7kgFm\"><strong><em>Ez t\u00f6bb mint egy \u00fcnneps\u00e9g - ez egy olyan nap, amikor b\u0151v\u00edtheti gyakorlat\u00e1t, er\u0151s\u00edtheti hat\u00e1s\u00e1t, \u00e9s meger\u0151s\u00edtheti elk\u00f6telezetts\u00e9g\u00e9t a minden agyhoz val\u00f3 tartoz\u00e1s ir\u00e1nt.<\/em><\/strong><\/span><\/h4>\n<div id=\"viewer-13xmt377\" class=\"CXcsI h-SF9 YFeZR rp3R4\" dir=\"auto\"><\/div>\n<\/div>\n<\/div>\n<\/div>\n<\/div>\n<\/div>","protected":false},"excerpt":{"rendered":"<p>Beyond the Norm: Celebrating All Minds Through Neuroinclusive Care and Education A Gathering for Educators, Coaches, and Allies Committed to Belonging for Every Brain If you\u2019re supporting children\u2014whether in early [&hellip;]<\/p>\n","protected":false},"author":1,"featured_media":25874494,"template":"","meta":{"_acf_changed":false,"_et_pb_use_builder":"","_et_pb_old_content":"","_et_gb_content_width":"","_tribe_events_status":"","_tribe_events_status_reason":"","footnotes":""},"tags":[],"tribe_events_cat":[68,70,69],"class_list":["post-25874493","tribe_events","type-tribe_events","status-publish","has-post-thumbnail","hentry","tribe_events_cat-in-person","tribe_events_cat-other","tribe_events_cat-talks","cat_in-person","cat_other","cat_talks"],"acf":[],"_links":{"self":[{"href":"https:\/\/neurodiversityprideday.com\/hu\/wp-json\/wp\/v2\/tribe_events\/25874493","targetHints":{"allow":["GET"]}}],"collection":[{"href":"https:\/\/neurodiversityprideday.com\/hu\/wp-json\/wp\/v2\/tribe_events"}],"about":[{"href":"https:\/\/neurodiversityprideday.com\/hu\/wp-json\/wp\/v2\/types\/tribe_events"}],"author":[{"embeddable":true,"href":"https:\/\/neurodiversityprideday.com\/hu\/wp-json\/wp\/v2\/users\/1"}],"version-history":[{"count":2,"href":"https:\/\/neurodiversityprideday.com\/hu\/wp-json\/wp\/v2\/tribe_events\/25874493\/revisions"}],"predecessor-version":[{"id":25874498,"href":"https:\/\/neurodiversityprideday.com\/hu\/wp-json\/wp\/v2\/tribe_events\/25874493\/revisions\/25874498"}],"wp:featuredmedia":[{"embeddable":true,"href":"https:\/\/neurodiversityprideday.com\/hu\/wp-json\/wp\/v2\/media\/25874494"}],"wp:attachment":[{"href":"https:\/\/neurodiversityprideday.com\/hu\/wp-json\/wp\/v2\/media?parent=25874493"}],"wp:term":[{"taxonomy":"post_tag","embeddable":true,"href":"https:\/\/neurodiversityprideday.com\/hu\/wp-json\/wp\/v2\/tags?post=25874493"},{"taxonomy":"tribe_events_cat","embeddable":true,"href":"https:\/\/neurodiversityprideday.com\/hu\/wp-json\/wp\/v2\/tribe_events_cat?post=25874493"}],"curies":[{"name":"wp","href":"https:\/\/api.w.org\/{rel}","templated":true}]}}

A normán túl: Az összes elme ünneplése a neuroinkluzív gondozás és oktatás révén

<div class="sVLH7h">
<div class="qJ0QtF W8KyHZ vvjb38">
<div class="MIvWD" dir="ltr" data-id="content-viewer">
<div class="CqvLv">
<div class="_6EiaF">
<h1 id="viewer-btbe6124" class="jTnlE Wh5Vq YFeZR rp3R4" dir="auto"><span class="_7kgFm"><strong>A normán túl: Az összes elme ünneplése a neuroinkluzív gondozás és oktatás révén</strong></span></h1>
<h3 id="viewer-ocamm127" class="pRw5c Wh5Vq YFeZR rp3R4" dir="auto"><span class="_7kgFm">Találkozó pedagógusok, edzők és szövetségesek számára, akik elkötelezettek a Minden agynak való tartozás iránt</span></h3>
<p id="viewer-6qv66130" class="CXcsI h-SF9 YFeZR rp3R4" dir="auto"><span class="wCrjQ">Ha gyermekeket támogatsz - legyen szó akár a kisiskoláskorban, általános iskolai osztályban, edzői foglalkozásokon vagy gondozói szerepkörben -, akkor már most is a jövőt alakítod. Ezen a Neurodiversity Pride Day-en csatlakozzon egy erőteljes tanulási élményhez, amelynek célja, hogy növelje önbizalmát, elmélyítse megértését, és olyan eszközökkel ruházza fel, amelyekkel mindenféle elmét támogathat.</span></p>
<div id="viewer-kgej6132" class="CXcsI h-SF9 YFeZR rp3R4" dir="auto"><span class="wCrjQ"> </span><span class="wCrjQ">A Neurodiversity Education Academy által szervezett eseményen a valós életből származó betekintést gyakorlati stratégiákkal ötvözik, amelyeket közvetlenül átültethetnek a tanulási környezetükbe. Legyen szó akár a nagy érzelmekre való reagálásról, a végrehajtó funkciók fejlesztéséről, vagy olyan terek létrehozásáról, ahol minden gyermek biztonságban érzi magát és meglátottnak - több tisztánlátással, több eszközzel és több kapcsolattal távozik majd.</span></div>
<div id="viewer-2572r135" class="CXcsI h-SF9 YFeZR rp3R4" dir="auto"><span class="wCrjQ"> </span></div>
<p id="viewer-ozfd5136" class="CXcsI h-SF9 YFeZR rp3R4" dir="auto"><span class="wCrjQ">Mit fogsz nyerni:</span></p>
<ul>
<li id="viewer-0wng7138" class="CXcsI h-SF9 YFeZR rp3R4" dir="auto"><span class="wCrjQ">A neurodivergens tapasztalatok mélyebb megértése - a fiatalok hangján keresztül</span></li>
<li id="viewer-aepcp140" class="CXcsI h-SF9 YFeZR rp3R4" dir="auto"><span class="wCrjQ">Az érzelmi és energiaszabályozást támogató eszközök korosztályok és környezetek között</span></li>
<li id="viewer-xtebf142" class="CXcsI h-SF9 YFeZR rp3R4" dir="auto"><span class="wCrjQ">Gyakorlati módszerek a végrehajtó működési készségek stressz és szégyenérzet nélküli fejlesztésére</span></li>
<li id="viewer-mi59f144" class="CXcsI h-SF9 YFeZR rp3R4" dir="auto"><span class="wCrjQ">A bizalom, az együttszabályozás és a kapcsolat kiépítésének módszerei a napi rutinok során</span></li>
<li id="viewer-7kwpr146" class="CXcsI h-SF9 YFeZR rp3R4" dir="auto"><span class="wCrjQ">Egy támogató tér, ahol együtt gondolkodhatunk, feltöltődhetünk és tanulhatunk olyanokkal, akiknek fontos a befogadás.</span></li>
</ul>
<p id="viewer-x358f149" class="CXcsI h-SF9 YFeZR rp3R4" dir="auto"><span class="wCrjQ">A nap része egy nyugodt pihenőhely a pihenéshez és szabályozáshoz, valamint egy tizenévesek által vezetett megosztási kör, amely a társak közötti kapcsolatot és a hangot helyezi a középpontba.</span></p>
<div id="viewer-cmqcf151" class="CXcsI h-SF9 YFeZR rp3R4" dir="auto"><span class="wCrjQ"> </span></div>
<h4 id="viewer-bgzwp152" class="Qmzwu Wh5Vq YFeZR rp3R4" dir="auto"><span class="_7kgFm"><strong><em>Ez több mint egy ünnepség - ez egy olyan nap, amikor bővítheti gyakorlatát, erősítheti hatását, és megerősítheti elkötelezettségét a minden agyhoz való tartozás iránt.</em></strong></span></h4>
<div id="viewer-13xmt377" class="CXcsI h-SF9 YFeZR rp3R4" dir="auto"></div>
</div>
</div>
</div>
</div>
</div>
