{"id":25873741,"date":"2025-06-04T11:40:38","date_gmt":"2025-06-04T09:40:38","guid":{"rendered":"https:\/\/neurodiversityprideday.com\/?post_type=tribe_events&#038;p=25873741"},"modified":"2025-06-04T11:40:38","modified_gmt":"2025-06-04T09:40:38","slug":"marsha-de-heus-webinar-hoogbegaafdheid-dubbeldiagnoses-en-misdiagnoses-inzicht-herkenning-en-handelingsperspectief","status":"publish","type":"tribe_events","link":"https:\/\/neurodiversityprideday.com\/it\/my-event\/marsha-de-heus-webinar-hoogbegaafdheid-dubbeldiagnoses-en-misdiagnoses-inzicht-herkenning-en-handelingsperspectief\/","title":{"rendered":"Marsha de Heus - Webinar: Hoogbegaafdheid: dubbeldiagnoses en misdiagnoses: inzicht, herkenning en handelingsperspectief"},"content":{"rendered":"<p>\ud83d\udcc5 20 giugno - 15:00 - 15:45<\/p>\n<h3>Hoogbegaafdheid: dubbeldiagnoses en misdiagnoses: inzicht, herkenning en handelingsperspectief<\/h3>\n<p>La mia attenzione \u00e8 sempre maggiore per l'hoogbegaafdheid, ma nella pratica possiamo constatare che \u00e8 molto importante per i soggetti affetti da autismo, ADHD e altre forme di neurodivergenza. Ci\u00f2 significa che \u00e8 necessario adottare un'altra modalit\u00e0 di trattamento.<\/p>\n<p><strong>Psicologo Marsha de Heus<\/strong>Il libro, che si basa sul modello sociale della neurodiversit\u00e0, si sofferma sulle diagnosi errate pi\u00f9 frequenti, sull'impatto delle diagnosi dubbie e su come si possa ottenere un risultato positivo in un sistema che non \u00e8 sempre all'altezza.<\/p>\n<p>Con pratiche maniere, un'ampia gamma di funzioni e un'ottima scelta per le tue esigenze.<\/p>\n<ul>\n<li><strong>\ud83c\udf99 Spreker:<\/strong>\u00a0Marsha de Heus<\/li>\n<li><strong>\u23f1 Duur:<\/strong>\u00a045 minuti<\/li>\n<\/ul>\n<div id=\"gtx-trans\" style=\"position: absolute; left: 95px; top: 288.542px;\">\n<div class=\"gtx-trans-icon\"><\/div>\n<\/div>","protected":false},"excerpt":{"rendered":"<p>\ud83d\udcc5 20 juni \u2013 15:00 \u2013 15:45 Hoogbegaafdheid: dubbeldiagnoses en misdiagnoses: inzicht, herkenning en handelingsperspectief Er is steeds meer aandacht voor hoogbegaafdheid, maar in de praktijk zien we dat dit [&hellip;]<\/p>\n","protected":false},"author":1,"featured_media":25873724,"template":"","meta":{"_acf_changed":false,"_et_pb_use_builder":"","_et_pb_old_content":"","_et_gb_content_width":"","_tribe_events_status":"","_tribe_events_status_reason":"","footnotes":""},"tags":[],"tribe_events_cat":[67,69],"class_list":["post-25873741","tribe_events","type-tribe_events","status-publish","has-post-thumbnail","hentry","tribe_events_cat-online","tribe_events_cat-talks","cat_online","cat_talks"],"acf":[],"_links":{"self":[{"href":"https:\/\/neurodiversityprideday.com\/it\/wp-json\/wp\/v2\/tribe_events\/25873741","targetHints":{"allow":["GET"]}}],"collection":[{"href":"https:\/\/neurodiversityprideday.com\/it\/wp-json\/wp\/v2\/tribe_events"}],"about":[{"href":"https:\/\/neurodiversityprideday.com\/it\/wp-json\/wp\/v2\/types\/tribe_events"}],"author":[{"embeddable":true,"href":"https:\/\/neurodiversityprideday.com\/it\/wp-json\/wp\/v2\/users\/1"}],"version-history":[{"count":1,"href":"https:\/\/neurodiversityprideday.com\/it\/wp-json\/wp\/v2\/tribe_events\/25873741\/revisions"}],"predecessor-version":[{"id":25873742,"href":"https:\/\/neurodiversityprideday.com\/it\/wp-json\/wp\/v2\/tribe_events\/25873741\/revisions\/25873742"}],"wp:featuredmedia":[{"embeddable":true,"href":"https:\/\/neurodiversityprideday.com\/it\/wp-json\/wp\/v2\/media\/25873724"}],"wp:attachment":[{"href":"https:\/\/neurodiversityprideday.com\/it\/wp-json\/wp\/v2\/media?parent=25873741"}],"wp:term":[{"taxonomy":"post_tag","embeddable":true,"href":"https:\/\/neurodiversityprideday.com\/it\/wp-json\/wp\/v2\/tags?post=25873741"},{"taxonomy":"tribe_events_cat","embeddable":true,"href":"https:\/\/neurodiversityprideday.com\/it\/wp-json\/wp\/v2\/tribe_events_cat?post=25873741"}],"curies":[{"name":"wp","href":"https:\/\/api.w.org\/{rel}","templated":true}]}}

<p>📅 20 giugno - 15:00 - 15:45</p>
<h3>Hoogbegaafdheid: dubbeldiagnoses en misdiagnoses: inzicht, herkenning en handelingsperspectief</h3>
<p>La mia attenzione è sempre maggiore per l'hoogbegaafdheid, ma nella pratica possiamo constatare che è molto importante per i soggetti affetti da autismo, ADHD e altre forme di neurodivergenza. Ciò significa che è necessario adottare un'altra modalità di trattamento.</p>
<p><strong>Psicologo Marsha de Heus</strong>Il libro, che si basa sul modello sociale della neurodiversità, si sofferma sulle diagnosi errate più frequenti, sull'impatto delle diagnosi dubbie e su come si possa ottenere un risultato positivo in un sistema che non è sempre all'altezza.</p>
<p>Con pratiche maniere, un'ampia gamma di funzioni e un'ottima scelta per le tue esigenze.</p>
<ul>
<li><strong>🎙 Spreker:</strong> Marsha de Heus</li>
<li><strong>⏱ Duur:</strong> 45 minuti</li>
</ul>
<div id="gtx-trans" style="position: absolute; left: 95px; top: 288.542px;">
<div class="gtx-trans-icon"></div>
</div>
