{"id":25875342,"date":"2025-06-10T20:51:55","date_gmt":"2025-06-10T18:51:55","guid":{"rendered":"https:\/\/neurodiversityprideday.com\/es"},"modified":"2025-06-10T20:51:55","modified_gmt":"2025-06-10T18:51:55","slug":"audiovisuales-de-escuelas-y-universidades","status":"publish","type":"tribe_events","link":"https:\/\/neurodiversityprideday.com\/it\/my-event\/audiovisuales-de-escuelas-y-universidades\/","title":{"rendered":"AUDIOVISIVI PER SCUOLE E UNIVERSIT\u00c0"},"content":{"rendered":"<p data-sourcepos=\"3:1-3:13\">Hola a todos:<\/p>\n<p data-sourcepos=\"5:1-5:295\">Questo anno \u00e8 storico! Per la prima volta, i paesi ispanici si uniscono alla celebrazione del\u00a0<strong>Giorno dell'Orgoglio della Neurodiversit\u00e0<\/strong>. \u00c8 un onore per tutti coloro che partecipano a questa iniziativa, nella quale ci confrontiamo a livello internazionale con talleres, charlas, m\u00fasica, pel\u00edculas e altre attivit\u00e0.<\/p>\n<p data-sourcepos=\"5:1-5:295\">Siamo estremamente grati all'eMove International Festival per averci dato l'incredibile opportunit\u00e0 di esporre una selezione dei lavori realizzati nelle prime nove edizioni. Questa mostra include audiovisivi eccezionali creati da studenti di diverse scuole e universit\u00e0.<\/p>\n<p data-sourcepos=\"5:1-5:295\">Attraverso questi lavori, il nostro obiettivo \u00e8 condividere un messaggio fondamentale con tutte le persone: tutti facciamo parte della neurodiversit\u00e0. Vogliamo celebrare la ricchezza e la variet\u00e0 di menti che esistono nel nostro mondo.<\/p>\n<p data-sourcepos=\"5:1-5:295\">Con questi video ti diamo il benvenuto all'ND Pride, una celebrazione organizzata da e per le persone neurodivergenti e i loro amici. Tutto il mondo, indipendentemente dal suo neurotipo, \u00e8 invitato a unirsi per riconoscere e onorare la neurodiversit\u00e0. Celebriamo la singolarit\u00e0 dei cervelli neurodivergenti e il valore della neurodiversit\u00e0 per la societ\u00e0. La neurodiversit\u00e0 si riferisce alle forme quasi infinite in cui i cervelli funzionano, percepiscono e comprendono il mondo. Riconosci e valorizza i punti di forza e le capacit\u00e0 che derivano dai diversi neurotipi, come l'autismo, la TDAH, la dislessia, la TDC, la superdotazione, i disturbi mentali e altri. La nostra celebrazione si basa anche sul fatto di fornire aiuto e adattamenti alle persone neurodivergenti, permettendo loro di prosperare in una societ\u00e0 progettata per la maggioranza.<\/p>\n<p data-sourcepos=\"5:1-5:295\">Potrai vedere una fantastica mostra di 9 audiovisivi premiati nelle ultime edizioni del Festival. Siamo sicuri che ti sorprender\u00e0.<\/p>\n<p data-sourcepos=\"5:1-5:295\">Questo \u00e8 l'indirizzo che puoi vedere: https:\/\/www.youtube.com\/watch?v=xgANYKxhYx4&amp;t=54s<\/p>\n<p data-sourcepos=\"7:1-8:58\">Ti invitiamo a consultare il sito\u00a0<strong>programma completo<\/strong>\u00a0e a partecipare ai nostri eventi tramite questo link:\u00a0<a class=\"ng-star-inserted\" href=\"https:\/\/acortar.link\/mpJmBn\" target=\"_blank\" rel=\"noopener\">https:\/\/acortar.link\/mpJmBn<\/a><\/p>\n<p data-sourcepos=\"10:1-11:74\">Inoltre, ci fa piacere che tu abbia un contatto con il tuo\u00a0<strong>opinione<\/strong>\u00a0per elaborare un manifesto che celebri la neurodiversit\u00e0. Nel seguente modulo puoi inviare i tuoi commenti e registrarti per accedere alle sale Zoom degli eventi in diretta:\u00a0<a class=\"ng-star-inserted\" href=\"https:\/\/forms.gle\/r3F4Y2ysScKxvmdj9\" target=\"_blank\" rel=\"noopener\">https:\/\/forms.gle\/r3F4Y2ysScKxvmdj9<\/a><\/p>\n<p data-sourcepos=\"13:1-13:22\">\u00a1Esperamos verte all\u00ed!<\/p>","protected":false},"excerpt":{"rendered":"<p>Hola a todos: \u00a1Este a\u00f1o es hist\u00f3rico! Por primera vez, los pa\u00edses hispanohablantes nos unimos a la celebraci\u00f3n del\u00a0D\u00eda del Orgullo de la Neurodiversidad. Es un honor para todos los [&hellip;]<\/p>\n","protected":false},"author":61,"featured_media":25875355,"template":"","meta":{"_acf_changed":false,"_et_pb_use_builder":"","_et_pb_old_content":"","_et_gb_content_width":"","_tribe_events_status":"","_tribe_events_status_reason":"","footnotes":""},"tags":[],"tribe_events_cat":[],"class_list":["post-25875342","tribe_events","type-tribe_events","status-publish","has-post-thumbnail","hentry"],"acf":[],"_links":{"self":[{"href":"https:\/\/neurodiversityprideday.com\/it\/wp-json\/wp\/v2\/tribe_events\/25875342","targetHints":{"allow":["GET"]}}],"collection":[{"href":"https:\/\/neurodiversityprideday.com\/it\/wp-json\/wp\/v2\/tribe_events"}],"about":[{"href":"https:\/\/neurodiversityprideday.com\/it\/wp-json\/wp\/v2\/types\/tribe_events"}],"author":[{"embeddable":true,"href":"https:\/\/neurodiversityprideday.com\/it\/wp-json\/wp\/v2\/users\/61"}],"version-history":[{"count":1,"href":"https:\/\/neurodiversityprideday.com\/it\/wp-json\/wp\/v2\/tribe_events\/25875342\/revisions"}],"predecessor-version":[{"id":25875352,"href":"https:\/\/neurodiversityprideday.com\/it\/wp-json\/wp\/v2\/tribe_events\/25875342\/revisions\/25875352"}],"wp:featuredmedia":[{"embeddable":true,"href":"https:\/\/neurodiversityprideday.com\/it\/wp-json\/wp\/v2\/media\/25875355"}],"wp:attachment":[{"href":"https:\/\/neurodiversityprideday.com\/it\/wp-json\/wp\/v2\/media?parent=25875342"}],"wp:term":[{"taxonomy":"post_tag","embeddable":true,"href":"https:\/\/neurodiversityprideday.com\/it\/wp-json\/wp\/v2\/tags?post=25875342"},{"taxonomy":"tribe_events_cat","embeddable":true,"href":"https:\/\/neurodiversityprideday.com\/it\/wp-json\/wp\/v2\/tribe_events_cat?post=25875342"}],"curies":[{"name":"wp","href":"https:\/\/api.w.org\/{rel}","templated":true}]}}

AUDIOVISIVI PER SCUOLE E UNIVERSITÀ

<p data-sourcepos="3:1-3:13">Hola a todos:</p>
<p data-sourcepos="5:1-5:295">Questo anno è storico! Per la prima volta, i paesi ispanici si uniscono alla celebrazione del <strong>Giorno dell'Orgoglio della Neurodiversità</strong>. È un onore per tutti coloro che partecipano a questa iniziativa, nella quale ci confrontiamo a livello internazionale con talleres, charlas, música, películas e altre attività.</p>
<p data-sourcepos="5:1-5:295">Siamo estremamente grati all'eMove International Festival per averci dato l'incredibile opportunità di esporre una selezione dei lavori realizzati nelle prime nove edizioni. Questa mostra include audiovisivi eccezionali creati da studenti di diverse scuole e università.</p>
<p data-sourcepos="5:1-5:295">Attraverso questi lavori, il nostro obiettivo è condividere un messaggio fondamentale con tutte le persone: tutti facciamo parte della neurodiversità. Vogliamo celebrare la ricchezza e la varietà di menti che esistono nel nostro mondo.</p>
<p data-sourcepos="5:1-5:295">Con questi video ti diamo il benvenuto all'ND Pride, una celebrazione organizzata da e per le persone neurodivergenti e i loro amici. Tutto il mondo, indipendentemente dal suo neurotipo, è invitato a unirsi per riconoscere e onorare la neurodiversità. Celebriamo la singolarità dei cervelli neurodivergenti e il valore della neurodiversità per la società. La neurodiversità si riferisce alle forme quasi infinite in cui i cervelli funzionano, percepiscono e comprendono il mondo. Riconosci e valorizza i punti di forza e le capacità che derivano dai diversi neurotipi, come l'autismo, la TDAH, la dislessia, la TDC, la superdotazione, i disturbi mentali e altri. La nostra celebrazione si basa anche sul fatto di fornire aiuto e adattamenti alle persone neurodivergenti, permettendo loro di prosperare in una società progettata per la maggioranza.</p>
<p data-sourcepos="5:1-5:295">Potrai vedere una fantastica mostra di 9 audiovisivi premiati nelle ultime edizioni del Festival. Siamo sicuri che ti sorprenderà.</p>
<p data-sourcepos="5:1-5:295">Questo è l'indirizzo che puoi vedere: https://www.youtube.com/watch?v=xgANYKxhYx4&amp;t=54s</p>
<p data-sourcepos="7:1-8:58">Ti invitiamo a consultare il sito <strong>programma completo</strong> e a partecipare ai nostri eventi tramite questo link: <a class="ng-star-inserted" href="https://acortar.link/mpJmBn" target="_blank" rel="noopener">https://acortar.link/mpJmBn</a></p>
<p data-sourcepos="10:1-11:74">Inoltre, ci fa piacere che tu abbia un contatto con il tuo <strong>opinione</strong> per elaborare un manifesto che celebri la neurodiversità. Nel seguente modulo puoi inviare i tuoi commenti e registrarti per accedere alle sale Zoom degli eventi in diretta: <a class="ng-star-inserted" href="https://forms.gle/r3F4Y2ysScKxvmdj9" target="_blank" rel="noopener">https://forms.gle/r3F4Y2ysScKxvmdj9</a></p>
<p data-sourcepos="13:1-13:22">¡Esperamos verte allí!</p>

<p>Hola a todos: ¡Este año es histórico! Por primera vez, los países hispanohablantes nos unimos a la celebración del Día del Orgullo de la Neurodiversidad. Es un honor para todos los [&hellip;]</p>
