{"id":25875342,"date":"2025-06-10T20:51:55","date_gmt":"2025-06-10T18:51:55","guid":{"rendered":"https:\/\/neurodiversityprideday.com\/es"},"modified":"2025-06-10T20:51:55","modified_gmt":"2025-06-10T18:51:55","slug":"audiovisuales-de-escuelas-y-universidades","status":"publish","type":"tribe_events","link":"https:\/\/neurodiversityprideday.com\/nl_be\/my-event\/audiovisuales-de-escuelas-y-universidades\/","title":{"rendered":"AUDIOVISUELE MEDIA VAN SCHOLEN EN UNIVERSITEITEN"},"content":{"rendered":"<p data-sourcepos=\"3:1-3:13\">Hallo allemaal:<\/p>\n<p data-sourcepos=\"5:1-5:295\">Dit jaar is hist\u00f3rico! Por primera vez, los pa\u00edses hispanohablantes nos unimos a la celebraci\u00f3n del\u00a0<strong>D\u00eda del Orgullo de la Neurodiversidad<\/strong>. Het is een eer voor iedereen die deelneemt aan dit initiatief, waarin we internationaal concerten, concerten, muziek, films en andere activiteiten uitwisselen.<\/p>\n<p data-sourcepos=\"5:1-5:295\">We zijn het eMove International Festival zeer erkentelijk voor de geweldige kans die ze ons bieden om een selectie van hun werk te vertonen in hun eerste vijf edities. Esta muestra includes audiovisuales excepcionales creados by estudiantes de diversas escuelas y universidades.<\/p>\n<p data-sourcepos=\"5:1-5:295\">Door middel van deze producten willen we een fundamentele boodschap overbrengen aan alle mensen: iedereen maakt deel uit van de neurodiversiteit. We willen de rijkdom en diversiteit van de geesten in onze wereld vieren.<\/p>\n<p data-sourcepos=\"5:1-5:295\">Met deze video's heten we ND Pride welkom, een feest georganiseerd door en voor neurodiverse mensen en hun partners. Iedereen, ongeacht zijn neurotipo, wordt uitgenodigd om zich te verenigen om de neurodiversiteit te erkennen en te eren. We vieren het unieke karakter van onze neurodiverse hersenen en de waarde van onze neurodiversiteit voor de samenleving. La neurodiversidad refiere a las formas casi infinitas en que los cerebros funcionan, perciben y entienden el mundo. Ontdek en waardeer de zwakke punten en capaciteiten die voortkomen uit de verschillende neurotipos, zoals autisme, TDAH, dislexie, TDC, superdotatie, mentale stoornissen en andere. Nuestra celebraci\u00f3n tambi\u00e9n aboga por proporcionar apoyo y adaptaciones a las personas neurodivergentes, permiti\u00e9ndoles prosperar en una sociedad dise\u00f1ada para la mayor\u00eda.<\/p>\n<p data-sourcepos=\"5:1-5:295\">Je kunt een fantastische vertoning zien van 9 audiovisuele voorstellingen die tijdens de laatste edities van het Festival in premi\u00e8re zijn gegaan. We zijn er zeker van dat je versteld zult staan.<\/p>\n<p data-sourcepos=\"5:1-5:295\">Dit is de koppeling die je kunt bekijken: https:\/\/www.youtube.com\/watch?v=xgANYKxhYx4&amp;t=54s<\/p>\n<p data-sourcepos=\"7:1-8:58\">We nodigen u uit om de\u00a0<strong>compleet programma<\/strong>\u00a0en neem deel aan onze evenementen via deze link:\u00a0<a class=\"ng-star-inserted\" href=\"https:\/\/acortar.link\/mpJmBn\" target=\"_blank\" rel=\"noopener\">https:\/\/acortar.link\/mpJmBn<\/a><\/p>\n<p data-sourcepos=\"10:1-11:74\">Bovendien vinden we het erg leuk om met u te praten\u00a0<strong>opini\u00f3n<\/strong>\u00a0om een manifiesto uit te werken dat aandacht besteedt aan de neurodiversiteit. In het volgende formulier kun je je opmerkingen achterlaten en je registreren voor toegang tot de Zoom-salons van de evenementen en directo:\u00a0<a class=\"ng-star-inserted\" href=\"https:\/\/forms.gle\/r3F4Y2ysScKxvmdj9\" target=\"_blank\" rel=\"noopener\">https:\/\/forms.gle\/r3F4Y2ysScKxvmdj9<\/a><\/p>\n<p data-sourcepos=\"13:1-13:22\">\u00a1Esperamos verte all\u00ed!<\/p>","protected":false},"excerpt":{"rendered":"<p>Hola a todos: \u00a1Este a\u00f1o es hist\u00f3rico! Por primera vez, los pa\u00edses hispanohablantes nos unimos a la celebraci\u00f3n del\u00a0D\u00eda del Orgullo de la Neurodiversidad. Es un honor para todos los [&hellip;]<\/p>\n","protected":false},"author":61,"featured_media":25875355,"template":"","meta":{"_acf_changed":false,"_et_pb_use_builder":"","_et_pb_old_content":"","_et_gb_content_width":"","_tribe_events_status":"","_tribe_events_status_reason":"","footnotes":""},"tags":[],"tribe_events_cat":[],"class_list":["post-25875342","tribe_events","type-tribe_events","status-publish","has-post-thumbnail","hentry"],"acf":[],"_links":{"self":[{"href":"https:\/\/neurodiversityprideday.com\/nl_be\/wp-json\/wp\/v2\/tribe_events\/25875342","targetHints":{"allow":["GET"]}}],"collection":[{"href":"https:\/\/neurodiversityprideday.com\/nl_be\/wp-json\/wp\/v2\/tribe_events"}],"about":[{"href":"https:\/\/neurodiversityprideday.com\/nl_be\/wp-json\/wp\/v2\/types\/tribe_events"}],"author":[{"embeddable":true,"href":"https:\/\/neurodiversityprideday.com\/nl_be\/wp-json\/wp\/v2\/users\/61"}],"version-history":[{"count":1,"href":"https:\/\/neurodiversityprideday.com\/nl_be\/wp-json\/wp\/v2\/tribe_events\/25875342\/revisions"}],"predecessor-version":[{"id":25875352,"href":"https:\/\/neurodiversityprideday.com\/nl_be\/wp-json\/wp\/v2\/tribe_events\/25875342\/revisions\/25875352"}],"wp:featuredmedia":[{"embeddable":true,"href":"https:\/\/neurodiversityprideday.com\/nl_be\/wp-json\/wp\/v2\/media\/25875355"}],"wp:attachment":[{"href":"https:\/\/neurodiversityprideday.com\/nl_be\/wp-json\/wp\/v2\/media?parent=25875342"}],"wp:term":[{"taxonomy":"post_tag","embeddable":true,"href":"https:\/\/neurodiversityprideday.com\/nl_be\/wp-json\/wp\/v2\/tags?post=25875342"},{"taxonomy":"tribe_events_cat","embeddable":true,"href":"https:\/\/neurodiversityprideday.com\/nl_be\/wp-json\/wp\/v2\/tribe_events_cat?post=25875342"}],"curies":[{"name":"wp","href":"https:\/\/api.w.org\/{rel}","templated":true}]}}

<p data-sourcepos="3:1-3:13">Hallo allemaal:</p>
<p data-sourcepos="5:1-5:295">Dit jaar is histórico! Por primera vez, los países hispanohablantes nos unimos a la celebración del <strong>Día del Orgullo de la Neurodiversidad</strong>. Het is een eer voor iedereen die deelneemt aan dit initiatief, waarin we internationaal concerten, concerten, muziek, films en andere activiteiten uitwisselen.</p>
<p data-sourcepos="5:1-5:295">We zijn het eMove International Festival zeer erkentelijk voor de geweldige kans die ze ons bieden om een selectie van hun werk te vertonen in hun eerste vijf edities. Esta muestra includes audiovisuales excepcionales creados by estudiantes de diversas escuelas y universidades.</p>
<p data-sourcepos="5:1-5:295">Door middel van deze producten willen we een fundamentele boodschap overbrengen aan alle mensen: iedereen maakt deel uit van de neurodiversiteit. We willen de rijkdom en diversiteit van de geesten in onze wereld vieren.</p>
<p data-sourcepos="5:1-5:295">Met deze video's heten we ND Pride welkom, een feest georganiseerd door en voor neurodiverse mensen en hun partners. Iedereen, ongeacht zijn neurotipo, wordt uitgenodigd om zich te verenigen om de neurodiversiteit te erkennen en te eren. We vieren het unieke karakter van onze neurodiverse hersenen en de waarde van onze neurodiversiteit voor de samenleving. La neurodiversidad refiere a las formas casi infinitas en que los cerebros funcionan, perciben y entienden el mundo. Ontdek en waardeer de zwakke punten en capaciteiten die voortkomen uit de verschillende neurotipos, zoals autisme, TDAH, dislexie, TDC, superdotatie, mentale stoornissen en andere. Nuestra celebración también aboga por proporcionar apoyo y adaptaciones a las personas neurodivergentes, permitiéndoles prosperar en una sociedad diseñada para la mayoría.</p>
<p data-sourcepos="5:1-5:295">Je kunt een fantastische vertoning zien van 9 audiovisuele voorstellingen die tijdens de laatste edities van het Festival in première zijn gegaan. We zijn er zeker van dat je versteld zult staan.</p>
<p data-sourcepos="5:1-5:295">Dit is de koppeling die je kunt bekijken: https://www.youtube.com/watch?v=xgANYKxhYx4&amp;t=54s</p>
<p data-sourcepos="7:1-8:58">We nodigen u uit om de <strong>compleet programma</strong> en neem deel aan onze evenementen via deze link: <a class="ng-star-inserted" href="https://acortar.link/mpJmBn" target="_blank" rel="noopener">https://acortar.link/mpJmBn</a></p>
<p data-sourcepos="10:1-11:74">Bovendien vinden we het erg leuk om met u te praten <strong>opinión</strong> om een manifiesto uit te werken dat aandacht besteedt aan de neurodiversiteit. In het volgende formulier kun je je opmerkingen achterlaten en je registreren voor toegang tot de Zoom-salons van de evenementen en directo: <a class="ng-star-inserted" href="https://forms.gle/r3F4Y2ysScKxvmdj9" target="_blank" rel="noopener">https://forms.gle/r3F4Y2ysScKxvmdj9</a></p>
<p data-sourcepos="13:1-13:22">¡Esperamos verte allí!</p>

<p>Hola a todos: ¡Este año es histórico! Por primera vez, los países hispanohablantes nos unimos a la celebración del Día del Orgullo de la Neurodiversidad. Es un honor para todos los [&hellip;]</p>
