{"id":25872883,"date":"2025-05-28T23:07:09","date_gmt":"2025-05-28T21:07:09","guid":{"rendered":"https:\/\/neurodiversityprideday.com\/nl"},"modified":"2025-05-28T23:07:09","modified_gmt":"2025-05-28T21:07:09","slug":"uitreiking-uit-met-autisme-award-categorie-speelpark-of-klein-attractiepark","status":"publish","type":"tribe_events","link":"https:\/\/neurodiversityprideday.com\/pl\/my-event\/uitreiking-uit-met-autisme-award-categorie-speelpark-of-klein-attractiepark\/","title":{"rendered":"Uitreiking Uit met Autisme Award categorie Speelpark of klein attractiepark"},"content":{"rendered":"<p>Stichting Uit met Autisme po raz pierwszy przyznaje nagrody Uit met Autisme Awards w 2025 roku. Nagrody s\u0105 przyznawane w pi\u0119ciu kategoriach, w tym raz na jaki\u015b czas w poszczeg\u00f3lnych lokalizacjach. Lokacje same w sobie nie s\u0105 nawet geheim. W dniu 14 czerwca te lokalizacje s\u0105 ju\u017c znane. Ale je\u015bli masz wi\u0119ksz\u0105 ochot\u0119, mo\u017cesz to zmieni\u0107 w jednym z nich. <a href=\"#Aanmeldformulier\"><u>opgaveformulier<\/u><\/a>\u00a0om onder embargo uiterlijk 11 juni bericht te ontvangen welke locaties een award krijgen en het leukste: waar we elkaar kunnen ontmoeten. Mo\u017cesz j\u0105 otrzyma\u0107 za pomoc\u0105 breloka Hidden Disabilities Sunflower.<\/p>\n<p>Deze prijsuitreiking op vaderdag is geschikt voor het hele gezin!<\/p>","protected":false},"excerpt":{"rendered":"<p>Stichting Uit met Autisme reikt in 2025 voor het eerst de Uit met Autisme Awards uit. De awards worden uitgereikt over vijf categorie\u00ebn op elk een ander moment op de [&hellip;]<\/p>\n","protected":false},"author":1,"featured_media":25872886,"template":"","meta":{"_acf_changed":false,"_et_pb_use_builder":"","_et_pb_old_content":"","_et_gb_content_width":"","_tribe_events_status":"","_tribe_events_status_reason":"","footnotes":""},"tags":[],"tribe_events_cat":[],"class_list":["post-25872883","tribe_events","type-tribe_events","status-publish","has-post-thumbnail","hentry"],"acf":[],"_links":{"self":[{"href":"https:\/\/neurodiversityprideday.com\/pl\/wp-json\/wp\/v2\/tribe_events\/25872883","targetHints":{"allow":["GET"]}}],"collection":[{"href":"https:\/\/neurodiversityprideday.com\/pl\/wp-json\/wp\/v2\/tribe_events"}],"about":[{"href":"https:\/\/neurodiversityprideday.com\/pl\/wp-json\/wp\/v2\/types\/tribe_events"}],"author":[{"embeddable":true,"href":"https:\/\/neurodiversityprideday.com\/pl\/wp-json\/wp\/v2\/users\/1"}],"version-history":[{"count":1,"href":"https:\/\/neurodiversityprideday.com\/pl\/wp-json\/wp\/v2\/tribe_events\/25872883\/revisions"}],"predecessor-version":[{"id":25872885,"href":"https:\/\/neurodiversityprideday.com\/pl\/wp-json\/wp\/v2\/tribe_events\/25872883\/revisions\/25872885"}],"wp:featuredmedia":[{"embeddable":true,"href":"https:\/\/neurodiversityprideday.com\/pl\/wp-json\/wp\/v2\/media\/25872886"}],"wp:attachment":[{"href":"https:\/\/neurodiversityprideday.com\/pl\/wp-json\/wp\/v2\/media?parent=25872883"}],"wp:term":[{"taxonomy":"post_tag","embeddable":true,"href":"https:\/\/neurodiversityprideday.com\/pl\/wp-json\/wp\/v2\/tags?post=25872883"},{"taxonomy":"tribe_events_cat","embeddable":true,"href":"https:\/\/neurodiversityprideday.com\/pl\/wp-json\/wp\/v2\/tribe_events_cat?post=25872883"}],"curies":[{"name":"wp","href":"https:\/\/api.w.org\/{rel}","templated":true}]}}

<p>Stichting Uit met Autisme po raz pierwszy przyznaje nagrody Uit met Autisme Awards w 2025 roku. Nagrody są przyznawane w pięciu kategoriach, w tym raz na jakiś czas w poszczególnych lokalizacjach. Lokacje same w sobie nie są nawet geheim. W dniu 14 czerwca te lokalizacje są już znane. Ale jeśli masz większą ochotę, możesz to zmienić w jednym z nich. <a href="#Aanmeldformulier"><u>opgaveformulier</u></a> om onder embargo uiterlijk 11 juni bericht te ontvangen welke locaties een award krijgen en het leukste: waar we elkaar kunnen ontmoeten. Możesz ją otrzymać za pomocą breloka Hidden Disabilities Sunflower.</p>
<p>Deze prijsuitreiking op vaderdag is geschikt voor het hele gezin!</p>

<p>Stichting Uit met Autisme reikt in 2025 voor het eerst de Uit met Autisme Awards uit. De awards worden uitgereikt over vijf categorieën op elk een ander moment op de [&hellip;]</p>
