{"id":25873741,"date":"2025-06-04T11:40:38","date_gmt":"2025-06-04T09:40:38","guid":{"rendered":"https:\/\/neurodiversityprideday.com\/?post_type=tribe_events&#038;p=25873741"},"modified":"2025-06-04T11:40:38","modified_gmt":"2025-06-04T09:40:38","slug":"marsha-de-heus-webinar-hoogbegaafdheid-dubbeldiagnoses-en-misdiagnoses-inzicht-herkenning-en-handelingsperspectief","status":"publish","type":"tribe_events","link":"https:\/\/neurodiversityprideday.com\/pl\/my-event\/marsha-de-heus-webinar-hoogbegaafdheid-dubbeldiagnoses-en-misdiagnoses-inzicht-herkenning-en-handelingsperspectief\/","title":{"rendered":"Marsha de Heus - Webinar: Hoogbegaafdheid: dubbeldiagnoses en misdiagnoses: inzicht, herkenning en handelingsperspectief"},"content":{"rendered":"<p>20 czerwca - 15:00 - 15:45<\/p>\n<h3>Hoogbegaafdheid: dubbeldiagnoses en misdiagnoses: inzicht, herkenning en handelingsperspectief<\/h3>\n<p>Er is steeds meer aandacht voor hoogbegaafdheid, maar in de praktijk zien we dat dit vaak gepaard gaat met kenmerken van autisme, ADHD of andere vormen van neurodivergentie. Oznacza to, \u017ce w inny spos\u00f3b mo\u017cesz poprawi\u0107 swoje umiej\u0119tno\u015bci.<\/p>\n<p><strong>Psycholoog Marsha de Heus<\/strong>W artykule om\u00f3wiono spo\u0142eczny model neurodywersyfikacji, przedstawiono b\u0142\u0119dne diagnozy, wp\u0142yw b\u0142\u0119dnych diagnoz oraz ich znaczenie w systemie, kt\u00f3ry nie jest w pe\u0142ni zrozumia\u0142y.<\/p>\n<p>Dzi\u0119ki praktycznym rozwi\u0105zaniom, praktycznym opcjom i szerokiej gamie opcji, mo\u017cesz cieszy\u0107 si\u0119 swoim do\u015bwiadczeniem.<\/p>\n<ul>\n<li><strong>Spreker:<\/strong>\u00a0Marsha de Heus<\/li>\n<li><strong>Duur:<\/strong>\u00a045 minut<\/li>\n<\/ul>\n<div id=\"gtx-trans\" style=\"position: absolute; left: 95px; top: 288.542px;\">\n<div class=\"gtx-trans-icon\"><\/div>\n<\/div>","protected":false},"excerpt":{"rendered":"<p>\ud83d\udcc5 20 juni \u2013 15:00 \u2013 15:45 Hoogbegaafdheid: dubbeldiagnoses en misdiagnoses: inzicht, herkenning en handelingsperspectief Er is steeds meer aandacht voor hoogbegaafdheid, maar in de praktijk zien we dat dit [&hellip;]<\/p>\n","protected":false},"author":1,"featured_media":25873724,"template":"","meta":{"_acf_changed":false,"_et_pb_use_builder":"","_et_pb_old_content":"","_et_gb_content_width":"","_tribe_events_status":"","_tribe_events_status_reason":"","footnotes":""},"tags":[],"tribe_events_cat":[67,69],"class_list":["post-25873741","tribe_events","type-tribe_events","status-publish","has-post-thumbnail","hentry","tribe_events_cat-online","tribe_events_cat-talks","cat_online","cat_talks"],"acf":[],"_links":{"self":[{"href":"https:\/\/neurodiversityprideday.com\/pl\/wp-json\/wp\/v2\/tribe_events\/25873741","targetHints":{"allow":["GET"]}}],"collection":[{"href":"https:\/\/neurodiversityprideday.com\/pl\/wp-json\/wp\/v2\/tribe_events"}],"about":[{"href":"https:\/\/neurodiversityprideday.com\/pl\/wp-json\/wp\/v2\/types\/tribe_events"}],"author":[{"embeddable":true,"href":"https:\/\/neurodiversityprideday.com\/pl\/wp-json\/wp\/v2\/users\/1"}],"version-history":[{"count":1,"href":"https:\/\/neurodiversityprideday.com\/pl\/wp-json\/wp\/v2\/tribe_events\/25873741\/revisions"}],"predecessor-version":[{"id":25873742,"href":"https:\/\/neurodiversityprideday.com\/pl\/wp-json\/wp\/v2\/tribe_events\/25873741\/revisions\/25873742"}],"wp:featuredmedia":[{"embeddable":true,"href":"https:\/\/neurodiversityprideday.com\/pl\/wp-json\/wp\/v2\/media\/25873724"}],"wp:attachment":[{"href":"https:\/\/neurodiversityprideday.com\/pl\/wp-json\/wp\/v2\/media?parent=25873741"}],"wp:term":[{"taxonomy":"post_tag","embeddable":true,"href":"https:\/\/neurodiversityprideday.com\/pl\/wp-json\/wp\/v2\/tags?post=25873741"},{"taxonomy":"tribe_events_cat","embeddable":true,"href":"https:\/\/neurodiversityprideday.com\/pl\/wp-json\/wp\/v2\/tribe_events_cat?post=25873741"}],"curies":[{"name":"wp","href":"https:\/\/api.w.org\/{rel}","templated":true}]}}

<p>20 czerwca - 15:00 - 15:45</p>
<h3>Hoogbegaafdheid: dubbeldiagnoses en misdiagnoses: inzicht, herkenning en handelingsperspectief</h3>
<p>Er is steeds meer aandacht voor hoogbegaafdheid, maar in de praktijk zien we dat dit vaak gepaard gaat met kenmerken van autisme, ADHD of andere vormen van neurodivergentie. Oznacza to, że w inny sposób możesz poprawić swoje umiejętności.</p>
<p><strong>Psycholoog Marsha de Heus</strong>W artykule omówiono społeczny model neurodywersyfikacji, przedstawiono błędne diagnozy, wpływ błędnych diagnoz oraz ich znaczenie w systemie, który nie jest w pełni zrozumiały.</p>
<p>Dzięki praktycznym rozwiązaniom, praktycznym opcjom i szerokiej gamie opcji, możesz cieszyć się swoim doświadczeniem.</p>
<ul>
<li><strong>Spreker:</strong> Marsha de Heus</li>
<li><strong>Duur:</strong> 45 minut</li>
</ul>
<div id="gtx-trans" style="position: absolute; left: 95px; top: 288.542px;">
<div class="gtx-trans-icon"></div>
</div>
