{"id":25872883,"date":"2025-05-28T23:07:09","date_gmt":"2025-05-28T21:07:09","guid":{"rendered":"https:\/\/neurodiversityprideday.com\/nl"},"modified":"2025-05-28T23:07:09","modified_gmt":"2025-05-28T21:07:09","slug":"uitreiking-uit-met-autisme-award-categorie-speelpark-of-klein-attractiepark","status":"publish","type":"tribe_events","link":"https:\/\/neurodiversityprideday.com\/pt\/my-event\/uitreiking-uit-met-autisme-award-categorie-speelpark-of-klein-attractiepark\/","title":{"rendered":"Pr\u00e9mio Autisme Categoria Speelpark ou pequeno parque de atra\u00e7\u00e3o"},"content":{"rendered":"<p>A Stichting Uit met Autisme lan\u00e7ou em 2025, pela primeira vez, os Pr\u00e9mios Uit met Autisme. Os pr\u00e9mios s\u00e3o atribu\u00eddos em v\u00e1rias categorias em cada um dos momentos e nas pr\u00f3prias localidades. As localidades em si n\u00e3o s\u00e3o mesmo um problema. Em 14 de junho, estes locais ser\u00e3o anunciados. Mas como a tua vontade de ser mais esquel\u00e9tico \u00e9 grande, podes mudar-te para um <a href=\"#Aanmeldformulier\"><u>opgaveformulier<\/u><\/a>\u00a0om onder embargo uiterlijk 11 juni bericht te ontvangen welke locaties een award krijgen en het leukste: waar we elkaar kunnen ontmoeten. A seguir, d\u00e1-nos a conhecer o seu nome atrav\u00e9s do c\u00f3digo Girassol de Defici\u00eancias Ocultas.<\/p>\n<p>Este sorteio de pr\u00e9mios na segunda-feira est\u00e1 marcado para a pr\u00f3xima semana!<\/p>","protected":false},"excerpt":{"rendered":"<p>Stichting Uit met Autisme reikt in 2025 voor het eerst de Uit met Autisme Awards uit. De awards worden uitgereikt over vijf categorie\u00ebn op elk een ander moment op de [&hellip;]<\/p>\n","protected":false},"author":1,"featured_media":25872886,"template":"","meta":{"_acf_changed":false,"_et_pb_use_builder":"","_et_pb_old_content":"","_et_gb_content_width":"","_tribe_events_status":"","_tribe_events_status_reason":"","footnotes":""},"tags":[],"tribe_events_cat":[],"class_list":["post-25872883","tribe_events","type-tribe_events","status-publish","has-post-thumbnail","hentry"],"acf":[],"_links":{"self":[{"href":"https:\/\/neurodiversityprideday.com\/pt\/wp-json\/wp\/v2\/tribe_events\/25872883","targetHints":{"allow":["GET"]}}],"collection":[{"href":"https:\/\/neurodiversityprideday.com\/pt\/wp-json\/wp\/v2\/tribe_events"}],"about":[{"href":"https:\/\/neurodiversityprideday.com\/pt\/wp-json\/wp\/v2\/types\/tribe_events"}],"author":[{"embeddable":true,"href":"https:\/\/neurodiversityprideday.com\/pt\/wp-json\/wp\/v2\/users\/1"}],"version-history":[{"count":1,"href":"https:\/\/neurodiversityprideday.com\/pt\/wp-json\/wp\/v2\/tribe_events\/25872883\/revisions"}],"predecessor-version":[{"id":25872885,"href":"https:\/\/neurodiversityprideday.com\/pt\/wp-json\/wp\/v2\/tribe_events\/25872883\/revisions\/25872885"}],"wp:featuredmedia":[{"embeddable":true,"href":"https:\/\/neurodiversityprideday.com\/pt\/wp-json\/wp\/v2\/media\/25872886"}],"wp:attachment":[{"href":"https:\/\/neurodiversityprideday.com\/pt\/wp-json\/wp\/v2\/media?parent=25872883"}],"wp:term":[{"taxonomy":"post_tag","embeddable":true,"href":"https:\/\/neurodiversityprideday.com\/pt\/wp-json\/wp\/v2\/tags?post=25872883"},{"taxonomy":"tribe_events_cat","embeddable":true,"href":"https:\/\/neurodiversityprideday.com\/pt\/wp-json\/wp\/v2\/tribe_events_cat?post=25872883"}],"curies":[{"name":"wp","href":"https:\/\/api.w.org\/{rel}","templated":true}]}}

Prémio Autisme Categoria Speelpark ou pequeno parque de atração

<p>A Stichting Uit met Autisme lançou em 2025, pela primeira vez, os Prémios Uit met Autisme. Os prémios são atribuídos em várias categorias em cada um dos momentos e nas próprias localidades. As localidades em si não são mesmo um problema. Em 14 de junho, estes locais serão anunciados. Mas como a tua vontade de ser mais esquelético é grande, podes mudar-te para um <a href="#Aanmeldformulier"><u>opgaveformulier</u></a> om onder embargo uiterlijk 11 juni bericht te ontvangen welke locaties een award krijgen en het leukste: waar we elkaar kunnen ontmoeten. A seguir, dá-nos a conhecer o seu nome através do código Girassol de Deficiências Ocultas.</p>
<p>Este sorteio de prémios na segunda-feira está marcado para a próxima semana!</p>

<p>Stichting Uit met Autisme reikt in 2025 voor het eerst de Uit met Autisme Awards uit. De awards worden uitgereikt over vijf categorieën op elk een ander moment op de [&hellip;]</p>
