{"id":25873122,"date":"2025-05-30T22:54:00","date_gmt":"2025-05-30T20:54:00","guid":{"rendered":"https:\/\/neurodiversityprideday.com\/?post_type=tribe_events&#038;p=25873122"},"modified":"2025-05-30T22:54:00","modified_gmt":"2025-05-30T20:54:00","slug":"natuurwandeling-diversiteit-troef","status":"publish","type":"tribe_events","link":"https:\/\/neurodiversityprideday.com\/pt\/my-event\/natuurwandeling-diversiteit-troef\/","title":{"rendered":"Diversidade de Natureza Troef!"},"content":{"rendered":"<p>- Natuurgids + dichter = weetjes and haiku's die je brein blij maken<br \/>\n- In\u00edcio 14u @ Klein Engelandhoeve, Klein Engeland 29 te Turnhout<br \/>\n- Curto (3km), gr\u00e1tis e barato<br \/>\nSe a tua cabe\u00e7a n\u00e3o est\u00e1 cheia de ideias, se precisas de ajuda ou se est\u00e1s a ser esquecido - este passeio \u00e9 uma ode \u00e0 nega\u00e7\u00e3o dos limites. N\u00e3o te esque\u00e7as de escrever.<br \/>\nV\u00ea o significado da neurodiversidade na bela natureza do Kempense!<\/p>","protected":false},"excerpt":{"rendered":"<p>\u2022 Natuurgids + dichter = weetjes en haiku\u2019s die je brein blij maken \u2022 Start 14u @ Klein Engelandhoeve, Klein Engeland 29 te Turnhout \u2022 Kort (3km), gratis en boeiend [&hellip;]<\/p>\n","protected":false},"author":1,"featured_media":25873164,"template":"","meta":{"_acf_changed":false,"_et_pb_use_builder":"","_et_pb_old_content":"","_et_gb_content_width":"","_tribe_events_status":"","_tribe_events_status_reason":"","footnotes":""},"tags":[],"tribe_events_cat":[70],"class_list":["post-25873122","tribe_events","type-tribe_events","status-publish","has-post-thumbnail","hentry","tribe_events_cat-other","cat_other"],"acf":[],"_links":{"self":[{"href":"https:\/\/neurodiversityprideday.com\/pt\/wp-json\/wp\/v2\/tribe_events\/25873122","targetHints":{"allow":["GET"]}}],"collection":[{"href":"https:\/\/neurodiversityprideday.com\/pt\/wp-json\/wp\/v2\/tribe_events"}],"about":[{"href":"https:\/\/neurodiversityprideday.com\/pt\/wp-json\/wp\/v2\/types\/tribe_events"}],"author":[{"embeddable":true,"href":"https:\/\/neurodiversityprideday.com\/pt\/wp-json\/wp\/v2\/users\/1"}],"version-history":[{"count":2,"href":"https:\/\/neurodiversityprideday.com\/pt\/wp-json\/wp\/v2\/tribe_events\/25873122\/revisions"}],"predecessor-version":[{"id":25873161,"href":"https:\/\/neurodiversityprideday.com\/pt\/wp-json\/wp\/v2\/tribe_events\/25873122\/revisions\/25873161"}],"wp:featuredmedia":[{"embeddable":true,"href":"https:\/\/neurodiversityprideday.com\/pt\/wp-json\/wp\/v2\/media\/25873164"}],"wp:attachment":[{"href":"https:\/\/neurodiversityprideday.com\/pt\/wp-json\/wp\/v2\/media?parent=25873122"}],"wp:term":[{"taxonomy":"post_tag","embeddable":true,"href":"https:\/\/neurodiversityprideday.com\/pt\/wp-json\/wp\/v2\/tags?post=25873122"},{"taxonomy":"tribe_events_cat","embeddable":true,"href":"https:\/\/neurodiversityprideday.com\/pt\/wp-json\/wp\/v2\/tribe_events_cat?post=25873122"}],"curies":[{"name":"wp","href":"https:\/\/api.w.org\/{rel}","templated":true}]}}

<p>- Natuurgids + dichter = weetjes and haiku's die je brein blij maken<br />
- Início 14u @ Klein Engelandhoeve, Klein Engeland 29 te Turnhout<br />
- Curto (3km), grátis e barato<br />
Se a tua cabeça não está cheia de ideias, se precisas de ajuda ou se estás a ser esquecido - este passeio é uma ode à negação dos limites. Não te esqueças de escrever.<br />
Vê o significado da neurodiversidade na bela natureza do Kempense!</p>
