{"id":25873741,"date":"2025-06-04T11:40:38","date_gmt":"2025-06-04T09:40:38","guid":{"rendered":"https:\/\/neurodiversityprideday.com\/?post_type=tribe_events&#038;p=25873741"},"modified":"2025-06-04T11:40:38","modified_gmt":"2025-06-04T09:40:38","slug":"marsha-de-heus-webinar-hoogbegaafdheid-dubbeldiagnoses-en-misdiagnoses-inzicht-herkenning-en-handelingsperspectief","status":"publish","type":"tribe_events","link":"https:\/\/neurodiversityprideday.com\/pt\/my-event\/marsha-de-heus-webinar-hoogbegaafdheid-dubbeldiagnoses-en-misdiagnoses-inzicht-herkenning-en-handelingsperspectief\/","title":{"rendered":"Marsha de Heus - Webinar: Hoogbegaafdheid: dubbeldiagnoses en misdiagnoses: inzicht, herkenning en handelingsperspectief"},"content":{"rendered":"<p>\ud83d\udcc5 20 juni - 15:00 - 15:45<\/p>\n<h3>Hoogbegaafdheid: dubbeldiagnoses en misdiagnoses: inzicht, herkenning en handelingsperspectief<\/h3>\n<p>\u00c9 mais frequente a necessidade de se ter uma sa\u00fade saud\u00e1vel, mas na pr\u00e1tica dizemos que \u00e9 muito importante para as pessoas com autismo, PHDA ou outras formas de neurodiverg\u00eancia. Isto significa que pode ser melhorada uma outra forma de lidar com as crian\u00e7as.<\/p>\n<p><strong>Psic\u00f3logo Marsha de Heus<\/strong>O seu trabalho, baseado no modelo social da neurodiversidade, aborda os erros de diagn\u00f3stico mais frequentes, o impacto dos diagn\u00f3sticos duvidosos e a forma como o teu filho se sente num sistema que n\u00e3o \u00e9 totalmente compreendido.<\/p>\n<p>Com pr\u00e1ticas de manuseamento, funcionalidades \u00fateis e boa sorte para os teus desejos.<\/p>\n<ul>\n<li><strong>Spreker:<\/strong>\u00a0Marsha de Heus<\/li>\n<li><strong>Duur:<\/strong>\u00a045 minutos<\/li>\n<\/ul>\n<div id=\"gtx-trans\" style=\"position: absolute; left: 95px; top: 288.542px;\">\n<div class=\"gtx-trans-icon\"><\/div>\n<\/div>","protected":false},"excerpt":{"rendered":"<p>\ud83d\udcc5 20 juni \u2013 15:00 \u2013 15:45 Hoogbegaafdheid: dubbeldiagnoses en misdiagnoses: inzicht, herkenning en handelingsperspectief Er is steeds meer aandacht voor hoogbegaafdheid, maar in de praktijk zien we dat dit [&hellip;]<\/p>\n","protected":false},"author":1,"featured_media":25873724,"template":"","meta":{"_acf_changed":false,"_et_pb_use_builder":"","_et_pb_old_content":"","_et_gb_content_width":"","_tribe_events_status":"","_tribe_events_status_reason":"","footnotes":""},"tags":[],"tribe_events_cat":[67,69],"class_list":["post-25873741","tribe_events","type-tribe_events","status-publish","has-post-thumbnail","hentry","tribe_events_cat-online","tribe_events_cat-talks","cat_online","cat_talks"],"acf":[],"_links":{"self":[{"href":"https:\/\/neurodiversityprideday.com\/pt\/wp-json\/wp\/v2\/tribe_events\/25873741","targetHints":{"allow":["GET"]}}],"collection":[{"href":"https:\/\/neurodiversityprideday.com\/pt\/wp-json\/wp\/v2\/tribe_events"}],"about":[{"href":"https:\/\/neurodiversityprideday.com\/pt\/wp-json\/wp\/v2\/types\/tribe_events"}],"author":[{"embeddable":true,"href":"https:\/\/neurodiversityprideday.com\/pt\/wp-json\/wp\/v2\/users\/1"}],"version-history":[{"count":1,"href":"https:\/\/neurodiversityprideday.com\/pt\/wp-json\/wp\/v2\/tribe_events\/25873741\/revisions"}],"predecessor-version":[{"id":25873742,"href":"https:\/\/neurodiversityprideday.com\/pt\/wp-json\/wp\/v2\/tribe_events\/25873741\/revisions\/25873742"}],"wp:featuredmedia":[{"embeddable":true,"href":"https:\/\/neurodiversityprideday.com\/pt\/wp-json\/wp\/v2\/media\/25873724"}],"wp:attachment":[{"href":"https:\/\/neurodiversityprideday.com\/pt\/wp-json\/wp\/v2\/media?parent=25873741"}],"wp:term":[{"taxonomy":"post_tag","embeddable":true,"href":"https:\/\/neurodiversityprideday.com\/pt\/wp-json\/wp\/v2\/tags?post=25873741"},{"taxonomy":"tribe_events_cat","embeddable":true,"href":"https:\/\/neurodiversityprideday.com\/pt\/wp-json\/wp\/v2\/tribe_events_cat?post=25873741"}],"curies":[{"name":"wp","href":"https:\/\/api.w.org\/{rel}","templated":true}]}}

<p>📅 20 juni - 15:00 - 15:45</p>
<h3>Hoogbegaafdheid: dubbeldiagnoses en misdiagnoses: inzicht, herkenning en handelingsperspectief</h3>
<p>É mais frequente a necessidade de se ter uma saúde saudável, mas na prática dizemos que é muito importante para as pessoas com autismo, PHDA ou outras formas de neurodivergência. Isto significa que pode ser melhorada uma outra forma de lidar com as crianças.</p>
<p><strong>Psicólogo Marsha de Heus</strong>O seu trabalho, baseado no modelo social da neurodiversidade, aborda os erros de diagnóstico mais frequentes, o impacto dos diagnósticos duvidosos e a forma como o teu filho se sente num sistema que não é totalmente compreendido.</p>
<p>Com práticas de manuseamento, funcionalidades úteis e boa sorte para os teus desejos.</p>
<ul>
<li><strong>Spreker:</strong> Marsha de Heus</li>
<li><strong>Duur:</strong> 45 minutos</li>
</ul>
<div id="gtx-trans" style="position: absolute; left: 95px; top: 288.542px;">
<div class="gtx-trans-icon"></div>
</div>
