{"id":25873122,"date":"2025-05-30T22:54:00","date_gmt":"2025-05-30T20:54:00","guid":{"rendered":"https:\/\/neurodiversityprideday.com\/?post_type=tribe_events&#038;p=25873122"},"modified":"2025-05-30T22:54:00","modified_gmt":"2025-05-30T20:54:00","slug":"natuurwandeling-diversiteit-troef","status":"publish","type":"tribe_events","link":"https:\/\/neurodiversityprideday.com\/tr\/my-event\/natuurwandeling-diversiteit-troef\/","title":{"rendered":"Natuurwandeling Diversiteit Troef!"},"content":{"rendered":"<p>- Natuurgids + dichter = weetjes en haiku's die je brein blij maken<br \/>\n- Start 14u @ Klein Engelandhoeve, Klein Engeland 29 te Turnhout<br \/>\n- Kort (3km), gratis en boeiend<br \/>\nE\u011fer ayaklar\u0131n\u0131z fikirlerden s\u0131k\u0131ld\u0131ysa ya da baz\u0131 \u015feyleri g\u00f6z ard\u0131 ettiyseniz - bu gezinti, \u0131\u015f\u0131klar\u0131n alt\u0131nda denken'e bir \u00f6vg\u00fcd\u00fcr. \u0130\u00e7indekiler uygun de\u011fil.<br \/>\nKempense'nin muhte\u015fem do\u011fas\u0131nda n\u00f6ro\u00e7e\u015fitlili\u011fin en iyi \u00f6rnekleri!<\/p>","protected":false},"excerpt":{"rendered":"<p>\u2022 Natuurgids + dichter = weetjes en haiku\u2019s die je brein blij maken \u2022 Start 14u @ Klein Engelandhoeve, Klein Engeland 29 te Turnhout \u2022 Kort (3km), gratis en boeiend [&hellip;]<\/p>\n","protected":false},"author":1,"featured_media":25873164,"template":"","meta":{"_acf_changed":false,"_et_pb_use_builder":"","_et_pb_old_content":"","_et_gb_content_width":"","_tribe_events_status":"","_tribe_events_status_reason":"","footnotes":""},"tags":[],"tribe_events_cat":[70],"class_list":["post-25873122","tribe_events","type-tribe_events","status-publish","has-post-thumbnail","hentry","tribe_events_cat-other","cat_other"],"acf":[],"_links":{"self":[{"href":"https:\/\/neurodiversityprideday.com\/tr\/wp-json\/wp\/v2\/tribe_events\/25873122","targetHints":{"allow":["GET"]}}],"collection":[{"href":"https:\/\/neurodiversityprideday.com\/tr\/wp-json\/wp\/v2\/tribe_events"}],"about":[{"href":"https:\/\/neurodiversityprideday.com\/tr\/wp-json\/wp\/v2\/types\/tribe_events"}],"author":[{"embeddable":true,"href":"https:\/\/neurodiversityprideday.com\/tr\/wp-json\/wp\/v2\/users\/1"}],"version-history":[{"count":2,"href":"https:\/\/neurodiversityprideday.com\/tr\/wp-json\/wp\/v2\/tribe_events\/25873122\/revisions"}],"predecessor-version":[{"id":25873161,"href":"https:\/\/neurodiversityprideday.com\/tr\/wp-json\/wp\/v2\/tribe_events\/25873122\/revisions\/25873161"}],"wp:featuredmedia":[{"embeddable":true,"href":"https:\/\/neurodiversityprideday.com\/tr\/wp-json\/wp\/v2\/media\/25873164"}],"wp:attachment":[{"href":"https:\/\/neurodiversityprideday.com\/tr\/wp-json\/wp\/v2\/media?parent=25873122"}],"wp:term":[{"taxonomy":"post_tag","embeddable":true,"href":"https:\/\/neurodiversityprideday.com\/tr\/wp-json\/wp\/v2\/tags?post=25873122"},{"taxonomy":"tribe_events_cat","embeddable":true,"href":"https:\/\/neurodiversityprideday.com\/tr\/wp-json\/wp\/v2\/tribe_events_cat?post=25873122"}],"curies":[{"name":"wp","href":"https:\/\/api.w.org\/{rel}","templated":true}]}}

<p>- Natuurgids + dichter = weetjes en haiku's die je brein blij maken<br />
- Start 14u @ Klein Engelandhoeve, Klein Engeland 29 te Turnhout<br />
- Kort (3km), gratis en boeiend<br />
Eğer ayaklarınız fikirlerden sıkıldıysa ya da bazı şeyleri göz ardı ettiyseniz - bu gezinti, ışıkların altında denken'e bir övgüdür. İçindekiler uygun değil.<br />
Kempense'nin muhteşem doğasında nöroçeşitliliğin en iyi örnekleri!</p>
